CRAN Package Check Results for Package taber

Last updated on 2024-03-04 20:53:07 CET.

Flavor Version Tinstall Tcheck Ttotal Status Flags
r-devel-linux-x86_64-debian-clang 0.1.2 3.79 39.39 43.18 NOTE
r-devel-linux-x86_64-debian-gcc 0.1.2 3.62 29.48 33.10 NOTE
r-devel-linux-x86_64-fedora-clang 0.1.2 53.37 NOTE
r-devel-linux-x86_64-fedora-gcc 0.1.2 51.23 NOTE
r-devel-windows-x86_64 0.1.2 6.00 49.00 55.00 NOTE
r-patched-linux-x86_64 0.1.2 4.73 38.71 43.44 NOTE
r-release-linux-x86_64 0.1.2 4.57 38.18 42.75 NOTE
r-release-macos-arm64 0.1.2 22.00 NOTE
r-release-macos-x86_64 0.1.2 30.00 NOTE
r-release-windows-x86_64 0.1.2 6.00 55.00 61.00 NOTE
r-oldrel-macos-arm64 0.1.2 25.00 NOTE
r-oldrel-windows-x86_64 0.1.2 6.00 56.00 62.00 NOTE

Check Details

Version: 0.1.2
Check: LazyData
Result: NOTE 'LazyData' is specified without a 'data' directory Flavors: r-devel-linux-x86_64-debian-clang, r-devel-linux-x86_64-debian-gcc, r-devel-linux-x86_64-fedora-clang, r-devel-linux-x86_64-fedora-gcc, r-devel-windows-x86_64, r-patched-linux-x86_64, r-release-linux-x86_64, r-release-macos-arm64, r-release-macos-x86_64, r-release-windows-x86_64, r-oldrel-macos-arm64, r-oldrel-windows-x86_64