CRAN Package Check Results for Package tabit

Last updated on 2022-05-28 22:55:21 CEST.

Flavor Version Tinstall Tcheck Ttotal Status Flags
r-devel-linux-x86_64-debian-clang 0.2.1 2.07 31.91 33.98 NOTE
r-devel-linux-x86_64-debian-gcc 0.2.1 1.48 24.98 26.46 NOTE
r-devel-linux-x86_64-fedora-clang 0.2.1 41.35 NOTE
r-devel-linux-x86_64-fedora-gcc 0.2.1 30.13 NOTE
r-devel-windows-x86_64 0.2.1 8.00 48.00 56.00 NOTE
r-patched-linux-x86_64 0.2.1 1.75 31.04 32.79 NOTE
r-release-linux-x86_64 0.2.1 1.44 31.60 33.04 NOTE
r-release-macos-arm64 0.2.1 14.00 NOTE
r-release-macos-x86_64 0.2.1 20.00 NOTE
r-release-windows-x86_64 0.2.1 11.00 47.00 58.00 NOTE
r-oldrel-macos-arm64 0.2.1 15.00 NOTE
r-oldrel-macos-x86_64 0.2.1 25.00 NOTE
r-oldrel-windows-ix86+x86_64 0.2.1 5.00 42.00 47.00 NOTE

Check Details

Version: 0.2.1
Check: LazyData
Result: NOTE
     'LazyData' is specified without a 'data' directory
Flavors: r-devel-linux-x86_64-debian-clang, r-devel-linux-x86_64-debian-gcc, r-devel-linux-x86_64-fedora-clang, r-devel-linux-x86_64-fedora-gcc, r-devel-windows-x86_64, r-patched-linux-x86_64, r-release-linux-x86_64, r-release-macos-arm64, r-release-macos-x86_64, r-release-windows-x86_64, r-oldrel-macos-arm64, r-oldrel-macos-x86_64, r-oldrel-windows-ix86+x86_64