CRAN Package Check Results for Package tableone

Last updated on 2019-09-16 22:49:35 CEST.

Flavor Version Tinstall Tcheck Ttotal Status Flags
r-devel-linux-x86_64-debian-clang 0.10.0 9.30 202.00 211.30 OK
r-devel-linux-x86_64-debian-gcc 0.10.0 7.75 154.62 162.37 OK
r-devel-linux-x86_64-fedora-clang 0.10.0 248.84 NOTE
r-devel-linux-x86_64-fedora-gcc 0.10.0 245.95 NOTE
r-devel-windows-ix86+x86_64 0.10.0 24.00 214.00 238.00 OK
r-patched-linux-x86_64 0.10.0 8.24 192.45 200.69 OK
r-patched-solaris-x86 0.10.0 340.20 NOTE
r-release-linux-x86_64 0.10.0 9.01 195.10 204.11 OK
r-release-windows-ix86+x86_64 0.10.0 15.00 288.00 303.00 OK
r-release-osx-x86_64 0.10.0 NOTE
r-oldrel-windows-ix86+x86_64 0.10.0 14.00 228.00 242.00 OK
r-oldrel-osx-x86_64 0.10.0 NOTE

Check Details

Version: 0.10.0
Check: dependencies in R code
Result: NOTE
    Namespace in Imports field not imported from: ‘methods’
     All declared Imports should be used.
Flavors: r-devel-linux-x86_64-fedora-clang, r-devel-linux-x86_64-fedora-gcc, r-patched-solaris-x86, r-release-osx-x86_64, r-oldrel-osx-x86_64