CRAN Package Check Results for Package tableone

Last updated on 2018-08-15 08:49:03 CEST.

Flavor Version Tinstall Tcheck Ttotal Status Flags
r-devel-linux-x86_64-debian-clang 0.9.3 6.33 219.77 226.10 OK
r-devel-linux-x86_64-debian-gcc 0.9.3 4.93 169.01 173.94 OK
r-devel-linux-x86_64-fedora-clang 0.9.3 276.25 NOTE
r-devel-linux-x86_64-fedora-gcc 0.9.3 269.08 NOTE
r-devel-windows-ix86+x86_64 0.9.3 11.00 240.00 251.00 OK
r-patched-linux-x86_64 0.9.3 5.29 211.05 216.34 OK
r-patched-solaris-x86 0.9.3 416.90 NOTE
r-release-linux-x86_64 0.9.3 5.63 212.03 217.66 OK
r-release-windows-ix86+x86_64 0.9.3 9.00 305.00 314.00 OK
r-release-osx-x86_64 0.9.3 NOTE
r-oldrel-windows-ix86+x86_64 0.9.3 11.00 238.00 249.00 OK
r-oldrel-osx-x86_64 0.9.3 NOTE

Check Details

Version: 0.9.3
Check: dependencies in R code
Result: NOTE
    Namespace in Imports field not imported from: ‘methods’
     All declared Imports should be used.
Flavors: r-devel-linux-x86_64-fedora-clang, r-devel-linux-x86_64-fedora-gcc, r-patched-solaris-x86, r-release-osx-x86_64, r-oldrel-osx-x86_64