CRAN Package Check Results for Package tableone

Last updated on 2020-01-19 15:47:47 CET.

Flavor Version Tinstall Tcheck Ttotal Status Flags
r-devel-linux-x86_64-debian-clang 0.10.0 9.35 222.83 232.18 OK
r-devel-linux-x86_64-debian-gcc 0.10.0 7.72 165.11 172.83 OK
r-devel-linux-x86_64-fedora-clang 0.10.0 270.42 NOTE
r-devel-linux-x86_64-fedora-gcc 0.10.0 261.98 NOTE
r-devel-windows-ix86+x86_64 0.10.0 30.00 307.00 337.00 OK
r-devel-windows-ix86+x86_64-gcc8 0.10.0 23.00 307.00 330.00 OK
r-patched-linux-x86_64 0.10.0 8.07 195.82 203.89 OK
r-patched-solaris-x86 0.10.0 344.50 NOTE
r-release-linux-x86_64 0.10.0 9.82 196.51 206.33 OK
r-release-windows-ix86+x86_64 0.10.0 22.00 219.00 241.00 OK
r-release-osx-x86_64 0.10.0 NOTE
r-oldrel-windows-ix86+x86_64 0.10.0 15.00 297.00 312.00 OK
r-oldrel-osx-x86_64 0.10.0 NOTE

Check Details

Version: 0.10.0
Check: dependencies in R code
Result: NOTE
    Namespace in Imports field not imported from: ‘methods’
     All declared Imports should be used.
Flavors: r-devel-linux-x86_64-fedora-clang, r-devel-linux-x86_64-fedora-gcc, r-patched-solaris-x86, r-release-osx-x86_64, r-oldrel-osx-x86_64