CRAN Package Check Results for Package tableone

Last updated on 2018-10-19 11:48:39 CEST.

Flavor Version Tinstall Tcheck Ttotal Status Flags
r-devel-linux-x86_64-debian-clang 0.9.3 5.43 222.00 227.43 OK
r-devel-linux-x86_64-debian-gcc 0.9.3 5.79 169.08 174.87 OK
r-devel-linux-x86_64-fedora-clang 0.9.3 270.69 NOTE
r-devel-linux-x86_64-fedora-gcc 0.9.3 271.99 NOTE
r-devel-windows-ix86+x86_64 0.9.3 14.00 304.00 318.00 OK
r-patched-linux-x86_64 0.9.3 4.99 210.93 215.92 OK
r-patched-solaris-x86 0.9.3 406.90 NOTE
r-release-linux-x86_64 0.9.3 5.49 209.56 215.05 OK
r-release-windows-ix86+x86_64 0.9.3 14.00 303.00 317.00 OK
r-release-osx-x86_64 0.9.3 NOTE
r-oldrel-windows-ix86+x86_64 0.9.3 8.00 339.00 347.00 OK
r-oldrel-osx-x86_64 0.9.3 NOTE

Check Details

Version: 0.9.3
Check: dependencies in R code
Result: NOTE
    Namespace in Imports field not imported from: ‘methods’
     All declared Imports should be used.
Flavors: r-devel-linux-x86_64-fedora-clang, r-devel-linux-x86_64-fedora-gcc, r-patched-solaris-x86, r-release-osx-x86_64, r-oldrel-osx-x86_64