CRAN Package Check Results for Package tableone

Last updated on 2019-01-24 06:47:30 CET.

Flavor Version Tinstall Tcheck Ttotal Status Flags
r-devel-linux-x86_64-debian-clang 0.9.3 6.19 219.46 225.65 OK
r-devel-linux-x86_64-debian-gcc 0.9.3 5.32 162.87 168.19 OK
r-devel-linux-x86_64-fedora-clang 0.9.3 216.06 NOTE
r-devel-linux-x86_64-fedora-gcc 0.9.3 195.15 NOTE
r-devel-windows-ix86+x86_64 0.9.3 14.00 340.00 354.00 OK
r-patched-linux-x86_64 0.9.3 6.73 211.52 218.25 OK
r-patched-solaris-x86 0.9.3 444.20 NOTE
r-release-linux-x86_64 0.9.3 4.65 208.04 212.69 OK
r-release-windows-ix86+x86_64 0.9.3 9.00 257.00 266.00 OK
r-release-osx-x86_64 0.9.3 NOTE
r-oldrel-windows-ix86+x86_64 0.9.3 11.00 282.00 293.00 OK
r-oldrel-osx-x86_64 0.9.3 NOTE

Check Details

Version: 0.9.3
Check: dependencies in R code
Result: NOTE
    Namespace in Imports field not imported from: ‘methods’
     All declared Imports should be used.
Flavors: r-devel-linux-x86_64-fedora-clang, r-devel-linux-x86_64-fedora-gcc, r-patched-solaris-x86, r-release-osx-x86_64, r-oldrel-osx-x86_64