CRAN Package Check Results for Package tableone

Last updated on 2018-05-25 01:47:00 CEST.

Flavor Version Tinstall Tcheck Ttotal Status Flags
r-devel-linux-x86_64-debian-clang 0.9.3 6.74 202.74 209.48 OK
r-devel-linux-x86_64-debian-gcc 0.9.3 5.57 169.10 174.67 OK
r-devel-linux-x86_64-fedora-clang 0.9.3 279.05 NOTE
r-devel-linux-x86_64-fedora-gcc 0.9.3 272.28 NOTE
r-devel-windows-ix86+x86_64 0.9.3 11.00 244.00 255.00 OK
r-patched-linux-x86_64 0.9.3 5.33 207.44 212.77 OK
r-patched-solaris-x86 0.9.3 406.40 NOTE
r-release-linux-x86_64 0.9.3 4.65 209.19 213.84 OK
r-release-windows-ix86+x86_64 0.9.3 14.00 310.00 324.00 OK
r-release-osx-x86_64 0.9.3 NOTE
r-oldrel-windows-ix86+x86_64 0.9.3 12.00 246.00 258.00 OK
r-oldrel-osx-x86_64 0.9.2 OK

Check Details

Version: 0.9.3
Check: dependencies in R code
Result: NOTE
    Namespace in Imports field not imported from: ‘methods’
     All declared Imports should be used.
Flavors: r-devel-linux-x86_64-fedora-clang, r-devel-linux-x86_64-fedora-gcc, r-patched-solaris-x86, r-release-osx-x86_64