CRAN Package Check Results for Package tabularmaps

Last updated on 2021-05-08 11:50:42 CEST.

Flavor Version Tinstall Tcheck Ttotal Status Flags
r-devel-linux-x86_64-debian-clang 0.1.0 4.59 56.60 61.19 OK
r-devel-linux-x86_64-debian-gcc 0.1.0 3.99 42.46 46.45 OK
r-devel-linux-x86_64-fedora-clang 0.1.0 83.55 NOTE
r-devel-linux-x86_64-fedora-gcc 0.1.0 70.90 NOTE
r-devel-windows-ix86+x86_64 0.1.0 27.00 77.00 104.00 OK
r-devel-windows-x86_64-gcc10-UCRT 0.1.0 NOTE
r-patched-linux-x86_64 0.1.0 4.64 52.44 57.08 OK
r-patched-solaris-x86 0.1.0 108.10 NOTE
r-release-linux-x86_64 0.1.0 4.41 52.97 57.38 OK
r-release-macos-x86_64 0.1.0 NOTE
r-release-windows-ix86+x86_64 0.1.0 11.00 55.00 66.00 OK
r-oldrel-macos-x86_64 0.1.0 NOTE
r-oldrel-windows-ix86+x86_64 0.1.0 11.00 71.00 82.00 OK

Check Details

Version: 0.1.0
Check: data for non-ASCII characters
Result: NOTE
     Note: found 81 marked UTF-8 strings
Flavors: r-devel-linux-x86_64-fedora-clang, r-devel-linux-x86_64-fedora-gcc, r-devel-windows-x86_64-gcc10-UCRT, r-patched-solaris-x86, r-release-macos-x86_64, r-oldrel-macos-x86_64