CRAN Package Check Results for Package tabulog

Last updated on 2022-08-09 20:54:02 CEST.

Flavor Version Tinstall Tcheck Ttotal Status Flags
r-devel-linux-x86_64-debian-clang 0.1.1 1.79 26.58 28.37 NOTE
r-devel-linux-x86_64-debian-gcc 0.1.1 1.64 20.30 21.94 NOTE
r-devel-linux-x86_64-fedora-clang 0.1.1 45.61 NOTE
r-devel-linux-x86_64-fedora-gcc 0.1.1 44.49 NOTE
r-devel-windows-x86_64 0.1.1 15.00 53.00 68.00 NOTE
r-patched-linux-x86_64 0.1.1 2.15 25.64 27.79 NOTE
r-release-linux-x86_64 0.1.1 NOTE
r-release-macos-arm64 0.1.1 15.00 NOTE
r-release-macos-x86_64 0.1.1 22.00 NOTE
r-release-windows-x86_64 0.1.1 13.00 59.00 72.00 NOTE
r-oldrel-macos-arm64 0.1.1 17.00 NOTE
r-oldrel-macos-x86_64 0.1.1 29.00 NOTE
r-oldrel-windows-ix86+x86_64 0.1.1 6.00 44.00 50.00 NOTE

Check Details

Version: 0.1.1
Check: LazyData
Result: NOTE
     'LazyData' is specified without a 'data' directory
Flavors: r-devel-linux-x86_64-debian-clang, r-devel-linux-x86_64-debian-gcc, r-devel-linux-x86_64-fedora-clang, r-devel-linux-x86_64-fedora-gcc, r-devel-windows-x86_64, r-patched-linux-x86_64, r-release-linux-x86_64, r-release-macos-arm64, r-release-macos-x86_64, r-release-windows-x86_64, r-oldrel-macos-arm64, r-oldrel-macos-x86_64, r-oldrel-windows-ix86+x86_64