CRAN Package Check Results for Package tabulog

Last updated on 2024-07-14 05:53:46 CEST.

Flavor Version Tinstall Tcheck Ttotal Status Flags
r-devel-linux-x86_64-debian-clang 0.1.1 1.52 25.78 27.30 NOTE
r-devel-linux-x86_64-debian-gcc 0.1.1 1.45 19.85 21.30 NOTE
r-devel-linux-x86_64-fedora-clang 0.1.1 37.04 NOTE
r-devel-linux-x86_64-fedora-gcc 0.1.1 50.15 NOTE
r-devel-windows-x86_64 0.1.1 3.00 44.00 47.00 NOTE
r-patched-linux-x86_64 0.1.1 2.01 24.68 26.69 NOTE
r-release-linux-x86_64 0.1.1 2.16 24.80 26.96 NOTE
r-release-macos-arm64 0.1.1 21.00 NOTE
r-release-macos-x86_64 0.1.1 34.00 NOTE
r-release-windows-x86_64 0.1.1 4.00 44.00 48.00 NOTE
r-oldrel-macos-arm64 0.1.1 23.00 NOTE
r-oldrel-macos-x86_64 0.1.1 31.00 NOTE
r-oldrel-windows-x86_64 0.1.1 4.00 43.00 47.00 NOTE

Check Details

Version: 0.1.1
Check: Rd files
Result: NOTE checkRd: (-1) parse_logs.Rd:38: Lost braces 38 | '{{ip ip_address}} [{{date access_date}}]...'. | ^ checkRd: (-1) parse_logs.Rd:38: Lost braces 38 | '{{ip ip_address}} [{{date access_date}}]...'. | ^ Flavors: r-devel-linux-x86_64-debian-clang, r-devel-linux-x86_64-debian-gcc, r-devel-linux-x86_64-fedora-clang, r-devel-linux-x86_64-fedora-gcc, r-devel-windows-x86_64, r-patched-linux-x86_64, r-release-linux-x86_64, r-release-macos-arm64, r-release-macos-x86_64, r-release-windows-x86_64

Version: 0.1.1
Check: LazyData
Result: NOTE 'LazyData' is specified without a 'data' directory Flavors: r-devel-linux-x86_64-debian-clang, r-devel-linux-x86_64-debian-gcc, r-devel-linux-x86_64-fedora-clang, r-devel-linux-x86_64-fedora-gcc, r-devel-windows-x86_64, r-patched-linux-x86_64, r-release-linux-x86_64, r-release-macos-arm64, r-release-macos-x86_64, r-release-windows-x86_64, r-oldrel-macos-arm64, r-oldrel-macos-x86_64, r-oldrel-windows-x86_64