CRAN Package Check Results for Package tagcloud

Last updated on 2021-02-25 10:47:50 CET.

Flavor Version Tinstall Tcheck Ttotal Status Flags
r-devel-linux-x86_64-debian-clang 0.6 22.27 46.94 69.21 OK
r-devel-linux-x86_64-debian-gcc 0.6 15.74 35.15 50.89 OK
r-devel-linux-x86_64-fedora-clang 0.6 105.10 NOTE
r-devel-linux-x86_64-fedora-gcc 0.6 89.62 NOTE
r-devel-windows-ix86+x86_64 0.6 42.00 71.00 113.00 OK
r-patched-linux-x86_64 0.6 18.59 43.18 61.77 OK
r-patched-solaris-x86 0.6 95.10 OK
r-release-linux-x86_64 0.6 17.60 44.25 61.85 OK
r-release-macos-x86_64 0.6 OK
r-release-windows-ix86+x86_64 0.6 64.00 81.00 145.00 OK
r-oldrel-macos-x86_64 0.6 OK
r-oldrel-windows-ix86+x86_64 0.6 40.00 75.00 115.00 OK

Check Details

Version: 0.6
Check: compiled code
Result: NOTE
    File ‘tagcloud/libs/tagcloud.so’:
     Found no calls to: ‘R_registerRoutines’, ‘R_useDynamicSymbols’
    
    It is good practice to register native routines and to disable symbol
    search.
    
    See ‘Writing portable packages’ in the ‘Writing R Extensions’ manual.
Flavors: r-devel-linux-x86_64-fedora-clang, r-devel-linux-x86_64-fedora-gcc