CRAN Package Check Results for Package takos

Last updated on 2019-09-23 12:48:06 CEST.

Flavor Version Tinstall Tcheck Ttotal Status Flags
r-devel-linux-x86_64-debian-clang 0.1.0 7.21 54.29 61.50 OK
r-devel-linux-x86_64-debian-gcc 0.1.0 5.26 41.09 46.35 OK
r-devel-linux-x86_64-fedora-clang 0.1.0 75.07 NOTE
r-devel-linux-x86_64-fedora-gcc 0.1.0 69.35 NOTE
r-devel-windows-ix86+x86_64 0.1.0 33.00 73.00 106.00 OK
r-patched-linux-x86_64 0.1.0 6.65 51.41 58.06 OK
r-patched-solaris-x86 0.1.0 111.20 NOTE
r-release-linux-x86_64 0.1.0 5.92 51.44 57.36 OK
r-release-windows-ix86+x86_64 0.1.0 29.00 107.00 136.00 OK
r-release-osx-x86_64 0.1.0 NOTE
r-oldrel-windows-ix86+x86_64 0.1.0 9.00 64.00 73.00 OK
r-oldrel-osx-x86_64 0.1.0 NOTE

Check Details

Version: 0.1.0
Check: dependencies in R code
Result: NOTE
    Namespaces in Imports field not imported from:
     ‘MASS’ ‘devEMF’ ‘segmented’ ‘smoother’ ‘tools’
     All declared Imports should be used.
Flavors: r-devel-linux-x86_64-fedora-clang, r-devel-linux-x86_64-fedora-gcc, r-patched-solaris-x86, r-release-osx-x86_64, r-oldrel-osx-x86_64