CRAN Package Check Results for Package takos

Last updated on 2020-02-24 14:48:19 CET.

Flavor Version Tinstall Tcheck Ttotal Status Flags
r-devel-linux-x86_64-debian-clang 0.1.0 7.07 60.05 67.12 OK
r-devel-linux-x86_64-debian-gcc 0.1.0 5.69 44.97 50.66 OK
r-devel-linux-x86_64-fedora-clang 0.1.0 84.32 NOTE
r-devel-linux-x86_64-fedora-gcc 0.1.0 74.35 NOTE
r-devel-windows-ix86+x86_64 0.1.0 17.00 78.00 95.00 OK
r-devel-windows-ix86+x86_64-gcc8 0.1.0 27.00 75.00 102.00 OK
r-patched-linux-x86_64 0.1.0 OK
r-patched-solaris-x86 0.1.0 107.80 NOTE
r-release-linux-x86_64 0.1.0 5.85 52.64 58.49 OK
r-release-windows-ix86+x86_64 0.1.0 13.00 72.00 85.00 OK
r-release-osx-x86_64 0.1.0 NOTE
r-oldrel-windows-ix86+x86_64 0.1.0 8.00 70.00 78.00 OK
r-oldrel-osx-x86_64 0.1.0 NOTE

Check Details

Version: 0.1.0
Check: dependencies in R code
Result: NOTE
    Namespaces in Imports field not imported from:
     ‘MASS’ ‘devEMF’ ‘segmented’ ‘smoother’ ‘tools’
     All declared Imports should be used.
Flavors: r-devel-linux-x86_64-fedora-clang, r-devel-linux-x86_64-fedora-gcc, r-patched-solaris-x86, r-release-osx-x86_64, r-oldrel-osx-x86_64