CRAN Package Check Results for Package tangram

Last updated on 2018-05-23 12:48:47 CEST.

Flavor Version Tinstall Tcheck Ttotal Status Flags
r-devel-linux-x86_64-debian-clang 0.3.2 7.41 60.74 68.15 OK
r-devel-linux-x86_64-debian-gcc 0.3.2 6.53 40.27 46.80 WARN
r-devel-linux-x86_64-fedora-clang 0.3.2 82.90 OK
r-devel-linux-x86_64-fedora-gcc 0.3.2 79.53 OK
r-devel-windows-ix86+x86_64 0.3.2 20.00 122.00 142.00 OK
r-patched-linux-x86_64 0.3.2 10.68 57.48 68.16 OK
r-patched-solaris-x86 0.3.2 110.30 OK
r-release-linux-x86_64 0.3.2 7.75 55.60 63.35 OK
r-release-windows-ix86+x86_64 0.3.2 17.00 116.00 133.00 OK
r-release-osx-x86_64 0.3.2 OK
r-oldrel-windows-ix86+x86_64 0.3.2 14.00 93.00 107.00 OK
r-oldrel-osx-x86_64 0.3.2 OK

Check Details

Version: 0.3.2
Check: package dependencies
Result: NOTE
    Packages suggested but not available for checking: ‘rms’ ‘Hmisc’
Flavor: r-devel-linux-x86_64-debian-gcc

Version: 0.3.2
Check: re-building of vignette outputs
Result: WARN
    Error in re-building vignettes:
     ...
    Quitting from lines 13-18 (fda-example.Rmd)
    Error: processing vignette ‘fda-example.Rmd’ failed with diagnostics:
    there is no package called 'Hmisc'
    Execution halted
Flavor: r-devel-linux-x86_64-debian-gcc