CRAN Package Check Results for Package tangram

Last updated on 2022-08-10 01:49:22 CEST.

Flavor Version Tinstall Tcheck Ttotal Status Flags
r-devel-linux-x86_64-debian-clang 0.7.1 15.28 75.21 90.49 NOTE
r-devel-linux-x86_64-debian-gcc 0.7.1 13.82 57.03 70.85 NOTE
r-devel-linux-x86_64-fedora-clang 0.7.1 121.25 OK
r-devel-linux-x86_64-fedora-gcc 0.7.1 119.12 OK
r-devel-windows-x86_64 0.7.1 70.00 100.00 170.00 OK
r-patched-linux-x86_64 0.7.1 19.54 70.58 90.12 OK
r-release-linux-x86_64 0.7.1 OK
r-release-macos-arm64 0.7.1 35.00 OK
r-release-macos-x86_64 0.7.1 46.00 OK
r-release-windows-x86_64 0.7.1 90.00 99.00 189.00 OK
r-oldrel-macos-arm64 0.7.1 42.00 OK
r-oldrel-macos-x86_64 0.7.1 61.00 OK
r-oldrel-windows-ix86+x86_64 0.7.1 30.00 90.00 120.00 OK

Check Details

Version: 0.7.1
Check: HTML version of manual
Result: NOTE
    Found the following HTML validation problems:
    ASTBranch.html:84:6: Warning: missing </span> before <p>
    ASTBranch.html:84:93: Warning: inserting implicit <span>
    ASTBranch.html:87:6: Warning: missing </span> before <p>
    ASTBranch.html:87:89: Warning: inserting implicit <span>
    ASTBranch.html:90:6: Warning: missing </span> before <p>
    ASTBranch.html:90:88: Warning: inserting implicit <span>
    ASTBranch.html:84:6: Warning: trimming empty <span>
    ASTBranch.html:87:6: Warning: trimming empty <span>
    ASTBranch.html:90:6: Warning: trimming empty <span>
    ASTFunction.html:87:6: Warning: missing </span> before <p>
    ASTFunction.html:87:93: Warning: inserting implicit <span>
    ASTFunction.html:90:6: Warning: missing </span> before <p>
    ASTFunction.html:90:93: Warning: inserting implicit <span>
    ASTFunction.html:93:6: Warning: missing </span> before <p>
    ASTFunction.html:93:88: Warning: inserting implicit <span>
    ASTFunction.html:87:6: Warning: trimming empty <span>
    ASTFunction.html:90:6: Warning: trimming empty <span>
    ASTFunction.html:93:6: Warning: trimming empty <span>
    ASTMultiply.html:86:6: Warning: missing </span> before <p>
    ASTMultiply.html:86:93: Warning: inserting implicit <span>
    ASTMultiply.html:89:6: Warning: missing </span> before <p>
    ASTMultiply.html:89:88: Warning: inserting implicit <span>
    ASTMultiply.html:92:6: Warning: missing </span> before <p>
    ASTMultiply.html:92:91: Warning: inserting implicit <span>
    ASTMultiply.html:86:6: Warning: trimming empty <span>
    ASTMultiply.html:89:6: Warning: trimming empty <span>
    ASTMultiply.html:92:6: Warning: trimming empty <span>
    ASTPlus.html:83:6: Warning: missing </span> before <p>
    ASTPlus.html:83:93: Warning: inserting implicit <span>
    ASTPlus.html:86:6: Warning: missing </span> before <p>
    ASTPlus.html:86:95: Warning: inserting implicit <span>
    ASTPlus.html:89:6: Warning: missing </span> before <p>
    ASTPlus.html:89:91: Warning: inserting implicit <span>
    ASTPlus.html:83:6: Warning: trimming empty <span>
    ASTPlus.html:86:6: Warning: trimming empty <span>
    ASTPlus.html:89:6: Warning: trimming empty <span>
    ASTTableFormula.html:81:6: Warning: missing </span> before <p>
    ASTTableFormula.html:81:93: Warning: inserting implicit <span>
    ASTTableFormula.html:84:6: Warning: missing </span> before <p>
    ASTTableFormula.html:84:95: Warning: inserting implicit <span>
    ASTTableFormula.html:87:6: Warning: missing </span> before <p>
    ASTTableFormula.html:87:91: Warning: inserting implicit <span>
    ASTTableFormula.html:81:6: Warning: trimming empty <span>
    ASTTableFormula.html:84:6: Warning: trimming empty <span>
    ASTTableFormula.html:87:6: Warning: trimming empty <span>
    ASTVariable.html:114:6: Warning: missing </span> before <p>
    ASTVariable.html:114:93: Warning: inserting implicit <span>
    ASTVariable.html:117:6: Warning: missing </span> before <p>
    ASTVariable.html:117:93: Warning: inserting implicit <span>
    ASTVariable.html:120:6: Warning: missing </span> before <p>
    ASTVariable.html:120:88: Warning: inserting implicit <span>
    ASTVariable.html:114:6: Warning: trimming empty <span>
    ASTVariable.html:117:6: Warning: trimming empty <span>
    ASTVariable.html:120:6: Warning: trimming empty <span>
Flavors: r-devel-linux-x86_64-debian-clang, r-devel-linux-x86_64-debian-gcc