CRAN Package Check Results for Package tapnet

Last updated on 2022-10-01 11:49:40 CEST.

Flavor Version Tinstall Tcheck Ttotal Status Flags
r-devel-linux-x86_64-debian-clang 0.3 15.97 148.50 164.47 NOTE
r-devel-linux-x86_64-debian-gcc 0.3 14.85 106.80 121.65 NOTE
r-devel-linux-x86_64-fedora-clang 0.3 219.56 NOTE
r-devel-linux-x86_64-fedora-gcc 0.3 201.76 NOTE
r-devel-windows-x86_64 0.3 22.00 182.00 204.00 NOTE
r-patched-linux-x86_64 0.3 16.01 140.06 156.07 OK
r-release-linux-x86_64 0.3 12.06 137.04 149.10 OK
r-release-macos-arm64 0.3 54.00 OK
r-release-macos-x86_64 0.3 106.00 OK
r-release-windows-x86_64 0.3 23.00 176.00 199.00 OK
r-oldrel-macos-arm64 0.3 52.00 OK
r-oldrel-macos-x86_64 0.3 108.00 OK
r-oldrel-windows-ix86+x86_64 0.3 38.00 161.00 199.00 OK

Check Details

Version: 0.3
Check: Rd files
Result: NOTE
    checkRd: (-1) tapnet-package.Rd:40: Escaped LaTeX specials: \&
Flavors: r-devel-linux-x86_64-debian-clang, r-devel-linux-x86_64-debian-gcc, r-devel-linux-x86_64-fedora-clang, r-devel-linux-x86_64-fedora-gcc, r-devel-windows-x86_64