CRAN Package Check Results for Package tastypie

Last updated on 2021-05-16 21:47:58 CEST.

Flavor Version Tinstall Tcheck Ttotal Status Flags
r-devel-linux-x86_64-debian-clang 0.0.3 7.84 92.90 100.74 OK
r-devel-linux-x86_64-debian-gcc 0.1.0 6.73 95.14 101.87 OK
r-devel-linux-x86_64-fedora-clang 0.1.0 173.09 OK
r-devel-linux-x86_64-fedora-gcc 0.1.0 160.78 OK
r-devel-windows-ix86+x86_64 0.0.3 18.00 88.00 106.00 OK
r-devel-windows-x86_64-gcc10-UCRT 0.0.3 OK
r-patched-linux-x86_64 0.0.3 7.69 87.29 94.98 OK
r-patched-solaris-x86 0.1.0 253.00 NOTE
r-release-linux-x86_64 0.0.3 7.16 86.36 93.52 OK
r-release-macos-x86_64 0.0.3 OK
r-release-windows-ix86+x86_64 0.0.3 13.00 93.00 106.00 OK
r-oldrel-macos-x86_64 0.0.3 OK
r-oldrel-windows-ix86+x86_64 0.0.3 9.00 119.00 128.00 OK

Check Details

Version: 0.1.0
Check: installed package size
Result: NOTE
     installed size is 6.0Mb
     sub-directories of 1Mb or more:
     doc 1.3Mb
     help 4.6Mb
Flavor: r-patched-solaris-x86