CRAN Package Check Results for Package taxa

Last updated on 2018-02-24 07:50:21 CET.

Flavor Version Tinstall Tcheck Ttotal Status Flags
r-devel-linux-x86_64-debian-clang 0.2.0 11.17 78.80 89.97 OK
r-devel-linux-x86_64-debian-gcc 0.2.0 10.73 63.01 73.74 OK
r-devel-linux-x86_64-fedora-clang 0.2.0 109.57 NOTE
r-devel-linux-x86_64-fedora-gcc 0.2.0 106.50 NOTE
r-devel-windows-ix86+x86_64 0.2.0 27.00 132.00 159.00 OK
r-patched-linux-x86_64 0.2.0 4.88 85.56 90.44 OK
r-patched-solaris-x86 0.2.0 150.30 NOTE
r-release-linux-x86_64 0.2.0 3.97 86.31 90.28 OK
r-release-windows-ix86+x86_64 0.2.0 16.00 135.00 151.00 OK
r-release-osx-x86_64 0.2.0 NOTE
r-oldrel-windows-ix86+x86_64 0.2.0 11.00 89.00 100.00 OK
r-oldrel-osx-x86_64 0.2.0 NOTE

Check Details

Version: 0.2.0
Check: dependencies in R code
Result: NOTE
    Namespaces in Imports field not imported from:
     ‘knitr’ ‘lazyeval’ ‘rlang’
     All declared Imports should be used.
Flavors: r-devel-linux-x86_64-fedora-clang, r-devel-linux-x86_64-fedora-gcc, r-patched-solaris-x86, r-release-osx-x86_64, r-oldrel-osx-x86_64