CRAN Package Check Results for Package taxa

Last updated on 2018-05-23 04:49:00 CEST.

Flavor Version Tinstall Tcheck Ttotal Status Flags
r-devel-linux-x86_64-debian-clang 0.2.1 13.26 108.06 121.32 OK
r-devel-linux-x86_64-debian-gcc 0.2.1 11.80 82.01 93.81 OK
r-devel-linux-x86_64-fedora-clang 0.2.1 144.31 NOTE
r-devel-linux-x86_64-fedora-gcc 0.2.1 138.35 NOTE
r-devel-windows-ix86+x86_64 0.2.1 21.00 187.00 208.00 OK
r-patched-linux-x86_64 0.2.1 12.41 102.23 114.64 OK
r-patched-solaris-x86 0.2.1 182.80 NOTE
r-release-linux-x86_64 0.2.1 12.19 103.72 115.91 OK
r-release-windows-ix86+x86_64 0.2.1 32.00 174.00 206.00 OK
r-release-osx-x86_64 0.2.1 NOTE
r-oldrel-windows-ix86+x86_64 0.2.1 16.00 183.00 199.00 OK
r-oldrel-osx-x86_64 0.2.0 NOTE

Check Details

Version: 0.2.1
Check: dependencies in R code
Result: NOTE
    Namespaces in Imports field not imported from:
     ‘knitr’ ‘lazyeval’ ‘rlang’ ‘tidyr’
     All declared Imports should be used.
Flavors: r-devel-linux-x86_64-fedora-clang, r-devel-linux-x86_64-fedora-gcc, r-patched-solaris-x86, r-release-osx-x86_64

Version: 0.2.0
Check: dependencies in R code
Result: NOTE
    Namespaces in Imports field not imported from:
     ‘knitr’ ‘lazyeval’ ‘rlang’
     All declared Imports should be used.
Flavor: r-oldrel-osx-x86_64