CRAN Package Check Results for Package taxa

Last updated on 2018-08-22 06:47:06 CEST.

Flavor Version Tinstall Tcheck Ttotal Status Flags
r-devel-linux-x86_64-debian-clang 0.3.1 12.63 100.81 113.44 OK
r-devel-linux-x86_64-debian-gcc 0.3.1 11.53 78.86 90.39 OK
r-devel-linux-x86_64-fedora-clang 0.3.1 134.99 NOTE
r-devel-linux-x86_64-fedora-gcc 0.3.1 140.40 NOTE
r-devel-windows-ix86+x86_64 0.3.1 21.00 108.00 129.00 OK
r-patched-linux-x86_64 0.3.1 12.00 94.67 106.67 OK
r-patched-solaris-x86 0.3.1 176.90 NOTE
r-release-linux-x86_64 0.3.1 13.39 94.29 107.68 OK
r-release-windows-ix86+x86_64 0.3.1 31.00 135.00 166.00 OK
r-release-osx-x86_64 0.3.1 NOTE
r-oldrel-windows-ix86+x86_64 0.3.1 14.00 111.00 125.00 OK
r-oldrel-osx-x86_64 0.3.1 NOTE

Check Details

Version: 0.3.1
Check: dependencies in R code
Result: NOTE
    Namespaces in Imports field not imported from:
     ‘knitr’ ‘lazyeval’ ‘rlang’ ‘tidyr’
     All declared Imports should be used.
Flavors: r-devel-linux-x86_64-fedora-clang, r-devel-linux-x86_64-fedora-gcc, r-patched-solaris-x86, r-release-osx-x86_64, r-oldrel-osx-x86_64