CRAN Package Check Results for Package taxa

Last updated on 2018-11-12 22:51:41 CET.

Flavor Version Tinstall Tcheck Ttotal Status Flags
r-devel-linux-x86_64-debian-clang 0.3.1 15.81 102.83 118.64 OK
r-devel-linux-x86_64-debian-gcc 0.3.1 14.31 82.47 96.78 OK
r-devel-linux-x86_64-fedora-clang 0.3.1 140.89 NOTE
r-devel-linux-x86_64-fedora-gcc 0.3.1 137.60 NOTE
r-devel-windows-ix86+x86_64 0.3.1 22.00 151.00 173.00 OK
r-patched-linux-x86_64 0.3.1 13.80 97.22 111.02 OK
r-patched-solaris-x86 0.3.1 182.20 NOTE
r-release-linux-x86_64 0.3.1 11.25 96.73 107.98 OK
r-release-windows-ix86+x86_64 0.3.1 34.00 100.00 134.00 OK
r-release-osx-x86_64 0.3.1 NOTE
r-oldrel-windows-ix86+x86_64 0.3.1 12.00 138.00 150.00 ERROR
r-oldrel-osx-x86_64 0.3.1 NOTE

Check Details

Version: 0.3.1
Check: dependencies in R code
Result: NOTE
    Namespaces in Imports field not imported from:
     ‘knitr’ ‘lazyeval’ ‘rlang’ ‘tidyr’
     All declared Imports should be used.
Flavors: r-devel-linux-x86_64-fedora-clang, r-devel-linux-x86_64-fedora-gcc, r-patched-solaris-x86, r-release-osx-x86_64, r-oldrel-osx-x86_64

Version: 0.3.1
Check: examples
Result: ERROR
    Running examples in 'taxa-Ex.R' failed
    The error most likely occurred in:
    
    > ### Name: arrange_obs
    > ### Title: Sort user data in 'taxmap()' objects
    > ### Aliases: arrange_obs
    >
    > ### ** Examples
    >
    > # Sort in ascending order
    > arrange_obs(ex_taxmap, "info", n_legs)
    <Taxmap>
     17 taxa: b. Mammalia, c. Plantae ... q. lycopersicum, r. tuberosum
     17 edges: NA->b, NA->c, b->d, b->e ... j->o, k->p, l->q, l->r
     4 data sets:
     info:
    Error in namespaceExport(ns, exports) :
     undefined exports: %s!=%, %s!==%, %s+%, %s<%, %s<=%, %s==%, %s===%, %s>%, %s>=%, %stri!=%, %stri!==%, %stri+%, %stri<%, %stri<=%, %stri==%, %stri===%, %stri>%, %stri>=%, stri_datetime_add<-, stri_sub<-, stri_subset<-, stri_subset_charclass<-, stri_subset_coll<-, stri_subset_fixed<-, stri_subset_regex<-, stri_c, stri_c_list, stri_cmp, stri_cmp_eq, stri_cmp_equiv, stri_cmp_ge, stri_cmp_gt, stri_cmp_le, stri_cmp_lt, stri_cmp_neq, stri_cmp_nequiv, stri_compare, stri_conv, stri_count, stri_count_boundaries, stri_count_charclass, stri_count_coll, stri_count_fixed, stri_count_regex, stri_count_words, stri_datetime_add, stri_datetime_create, stri_datetime_fields, stri_datetime_format, stri_datetime_fstr, stri_datetime_now, stri_datetime_parse, stri_datetime_symbols, stri_detect, stri_detect_charclass, stri_detect_coll, stri_detect_fixed, stri_detect_regex, stri_dup, stri_duplicated, stri_duplicated_any, stri_enc_detect, stri_enc_detect2, stri_enc_fromutf32, stri_enc_get, stri_enc_inf
    Calls: <Anonymous> ... tryCatch -> tryCatchList -> tryCatchOne -> <Anonymous>
    Execution halted
Flavor: r-oldrel-windows-ix86+x86_64

Version: 0.3.1
Check: tests
Result: ERROR
     Running 'testthat.R' [25s]
    Running the tests in 'tests/testthat.R' failed.
    Complete output:
     > library(testthat)
     > library(taxa)
    
     Attaching package: 'taxa'
    
     The following object is masked from 'package:testthat':
    
     matches
    
     >
     > test_check("taxa")
     -- 1. Error: Taxmap can be intialized from complex data (@test--taxmap_parsers.R
     undefined exports: %s!=%, %s!==%, %s+%, %s<%, %s<=%, %s==%, %s===%, %s>%, %s>=%, %stri!=%, %stri!==%, %stri+%, %stri<%, %stri<=%, %stri==%, %stri===%, %stri>%, %stri>=%, stri_datetime_add<-, stri_sub<-, stri_subset<-, stri_subset_charclass<-, stri_subset_coll<-, stri_subset_fixed<-, stri_subset_regex<-, stri_c, stri_c_list, stri_cmp, stri_cmp_eq, stri_cmp_equiv, stri_cmp_ge, stri_cmp_gt, stri_cmp_le, stri_cmp_lt, stri_cmp_neq, stri_cmp_nequiv, stri_compare, stri_conv, stri_count, stri_count_boundaries, stri_count_charclass, stri_count_coll, stri_count_fixed, stri_count_regex, stri_count_words, stri_datetime_add, stri_datetime_create, stri_datetime_fields, stri_datetime_format, stri_datetime_fstr, stri_datetime_now, stri_datetime_parse, stri_datetime_symbols, stri_detect, stri_detect_charclass, stri_detect_coll, stri_detect_fixed, stri_detect_regex, stri_dup, stri_duplicated, stri_duplicated_any, stri_enc_detect, stri_enc_detect2, stri_enc_fromutf32, stri_enc_get, stri_enc_info, stri_enc_isascii, stri_enc_isutf16be, stri_enc_isutf16le, stri_enc_isutf32be, stri_enc_isutf32le, stri_enc_isutf8, stri_enc_list, stri_enc_mark, stri_enc_set, stri_enc_toascii, stri_enc_tonative, stri_enc_toutf32, stri_enc_toutf8, stri_encode, stri_endswith, stri_endswith_charclass, stri_endswith_coll, stri_endswith_fixed, stri_escape_unicode, stri_extract, stri_extract_all, stri_extract_all_boundaries, stri_extract_all_charclass, stri_extract_all_coll, stri_extract_all_fixed, stri_extract_all_regex, stri_extract_all_words, stri_extract_first, stri_extract_first_boundaries, stri_extract_first_charclass, stri_extract_first_coll, stri_extract_first_fixed, stri_extract_first_regex, stri_extract_first_words, stri_extract_last, stri_extract_last_boundaries, stri_extract_last_charclass, stri_extract_last_coll, stri_extract_last_fixed, stri_extract_last_regex, stri_extract_last_words, stri_flatten, stri_info, stri_isempty, stri_join, stri_join_list, stri_length, stri_list2matrix, stri_locale_get, stri_locale_info, stri_locale_list, stri_locale_set, stri_locate, stri_locate_all, stri_locate_all_boundaries, stri_locate_all_charclass, stri_locate_all_coll, stri_locate_all_fixed, stri_locate_all_regex, stri_locate_all_words, stri_locate_first, stri_locate_first_boundaries, stri_locate_first_charclass, stri_locate_first_coll, stri_locate_first_fixed, stri_locate_first_regex, stri_locate_first_words, stri_locate_last, stri_locate_last_boundaries, stri_locate_last_charclass, stri_locate_last_coll, stri_locate_last_fixed, stri_locate_last_regex, stri_locate_last_words, stri_match, stri_match_all, stri_match_all_regex, stri_match_first, stri_match_first_regex, stri_match_last, stri_match_last_regex, stri_na2empty, stri_numbytes, stri_opts_brkiter, stri_opts_collator, stri_opts_fixed, stri_opts_regex, stri_order, stri_pad, stri_pad_both, stri_pad_left, stri_pad_right, stri_paste, stri_paste_list, stri_rand_lipsum, stri_rand_shuffle, stri_rand_strings, stri_read_lines, stri_read_raw, stri_remove_empty, stri_replace, stri_replace_all, stri_replace_all_charclass, stri_replace_all_coll, stri_replace_all_fixed, stri_replace_all_regex, stri_replace_first, stri_replace_first_charclass, stri_replace_first_coll, stri_replace_first_fixed, stri_replace_first_regex, stri_replace_last, stri_replace_last_charclass, stri_replace_last_coll, stri_replace_last_fixed, stri_replace_last_regex, stri_replace_na, stri_reverse, stri_sort, stri_split, stri_split_boundaries, stri_split_charclass, stri_split_coll, stri_split_fixed, stri_split_lines, stri_split_lines1, stri_split_regex, stri_startswith, stri_startswith_charclass, stri_startswith_coll, stri_startswith_fixed, stri_stats_general, stri_stats_latex, stri_sub, stri_subset, stri_subset_charclass, stri_subset_coll, stri_subset_fixed, stri_subset_regex, stri_timezone_get, stri_timezone_info, stri_timezone_list, stri_timezone_set, stri_trans_char, stri_trans_general, stri_trans_isnfc, stri_trans_isnfd, stri_trans_isnfkc, stri_trans_isnfkc_casefold, stri_trans_isnfkd, stri_trans_list, stri_trans_nfc, stri_trans_nfd, stri_trans_nfkc, stri_trans_nfkc_casefold, stri_trans_nfkd, stri_trans_tolower, stri_trans_totitle, stri_trans_toupper, stri_trim, stri_trim_both, stri_trim_left, stri_trim_right, stri_unescape_unicode, stri_unique, stri_width, stri_wrap, stri_write_lines
     1: parse_tax_data(my_vector, include_tax_data = FALSE) at testthat/test--taxmap_parsers.R:19
     2: count_capture_groups(class_regex)
     3: ncol(stringr::str_match(string = "", pattern = new_regex))
     4: stringr::str_match
     5: getExportedValue(pkg, name)
     6: asNamespace(ns)
     7: getNamespace(ns)
     8: tryCatch(loadNamespace(name), error = function(e) stop(e))
     9: tryCatchList(expr, classes, parentenv, handlers)
     10: tryCatchOne(expr, names, parentenv, handlers[[1L]])
     11: value[[3L]](cond)
    
     -- 2. Error: Taxmap can be intialized from raw strings (@test--taxmap_parsers.R#
     undefined exports: %s!=%, %s!==%, %s+%, %s<%, %s<=%, %s==%, %s===%, %s>%, %s>=%, %stri!=%, %stri!==%, %stri+%, %stri<%, %stri<=%, %stri==%, %stri===%, %stri>%, %stri>=%, stri_datetime_add<-, stri_sub<-, stri_subset<-, stri_subset_charclass<-, stri_subset_coll<-, stri_subset_fixed<-, stri_subset_regex<-, stri_c, stri_c_list, stri_cmp, stri_cmp_eq, stri_cmp_equiv, stri_cmp_ge, stri_cmp_gt, stri_cmp_le, stri_cmp_lt, stri_cmp_neq, stri_cmp_nequiv, stri_compare, stri_conv, stri_count, stri_count_boundaries, stri_count_charclass, stri_count_coll, stri_count_fixed, stri_count_regex, stri_count_words, stri_datetime_add, stri_datetime_create, stri_datetime_fields, stri_datetime_format, stri_datetime_fstr, stri_datetime_now, stri_datetime_parse, stri_datetime_symbols, stri_detect, stri_detect_charclass, stri_detect_coll, stri_detect_fixed, stri_detect_regex, stri_dup, stri_duplicated, stri_duplicated_any, stri_enc_detect, stri_enc_detect2, stri_enc_fromutf32, stri_enc_get, stri_enc_info, stri_enc_isascii, stri_enc_isutf16be, stri_enc_isutf16le, stri_enc_isutf32be, stri_enc_isutf32le, stri_enc_isutf8, stri_enc_list, stri_enc_mark, stri_enc_set, stri_enc_toascii, stri_enc_tonative, stri_enc_toutf32, stri_enc_toutf8, stri_encode, stri_endswith, stri_endswith_charclass, stri_endswith_coll, stri_endswith_fixed, stri_escape_unicode, stri_extract, stri_extract_all, stri_extract_all_boundaries, stri_extract_all_charclass, stri_extract_all_coll, stri_extract_all_fixed, stri_extract_all_regex, stri_extract_all_words, stri_extract_first, stri_extract_first_boundaries, stri_extract_first_charclass, stri_extract_first_coll, stri_extract_first_fixed, stri_extract_first_regex, stri_extract_first_words, stri_extract_last, stri_extract_last_boundaries, stri_extract_last_charclass, stri_extract_last_coll, stri_extract_last_fixed, stri_extract_last_regex, stri_extract_last_words, stri_flatten, stri_info, stri_isempty, stri_join, stri_join_list, stri_length, stri_list2matrix, stri_locale_get, stri_locale_info, stri_locale_list, stri_locale_set, stri_locate, stri_locate_all, stri_locate_all_boundaries, stri_locate_all_charclass, stri_locate_all_coll, stri_locate_all_fixed, stri_locate_all_regex, stri_locate_all_words, stri_locate_first, stri_locate_first_boundaries, stri_locate_first_charclass, stri_locate_first_coll, stri_locate_first_fixed, stri_locate_first_regex, stri_locate_first_words, stri_locate_last, stri_locate_last_boundaries, stri_locate_last_charclass, stri_locate_last_coll, stri_locate_last_fixed, stri_locate_last_regex, stri_locate_last_words, stri_match, stri_match_all, stri_match_all_regex, stri_match_first, stri_match_first_regex, stri_match_last, stri_match_last_regex, stri_na2empty, stri_numbytes, stri_opts_brkiter, stri_opts_collator, stri_opts_fixed, stri_opts_regex, stri_order, stri_pad, stri_pad_both, stri_pad_left, stri_pad_right, stri_paste, stri_paste_list, stri_rand_lipsum, stri_rand_shuffle, stri_rand_strings, stri_read_lines, stri_read_raw, stri_remove_empty, stri_replace, stri_replace_all, stri_replace_all_charclass, stri_replace_all_coll, stri_replace_all_fixed, stri_replace_all_regex, stri_replace_first, stri_replace_first_charclass, stri_replace_first_coll, stri_replace_first_fixed, stri_replace_first_regex, stri_replace_last, stri_replace_last_charclass, stri_replace_last_coll, stri_replace_last_fixed, stri_replace_last_regex, stri_replace_na, stri_reverse, stri_sort, stri_split, stri_split_boundaries, stri_split_charclass, stri_split_coll, stri_split_fixed, stri_split_lines, stri_split_lines1, stri_split_regex, stri_startswith, stri_startswith_charclass, stri_startswith_coll, stri_startswith_fixed, stri_stats_general, stri_stats_latex, stri_sub, stri_subset, stri_subset_charclass, stri_subset_coll, stri_subset_fixed, stri_subset_regex, stri_timezone_get, stri_timezone_info, stri_timezone_list, stri_timezone_set, stri_trans_char, stri_trans_general, stri_trans_isnfc, stri_trans_isnfd, stri_trans_isnfkc, stri_trans_isnfkc_casefold, stri_trans_isnfkd, stri_trans_list, stri_trans_nfc, stri_trans_nfd, stri_trans_nfkc, stri_trans_nfkc_casefold, stri_trans_nfkd, stri_trans_tolower, stri_trans_totitle, stri_trans_toupper, stri_trim, stri_trim_both, stri_trim_left, stri_trim_right, stri_unescape_unicode, stri_unique, stri_width, stri_wrap, stri_write_lines
     1: extract_tax_data(raw_data, key = c(var_1 = "info", var_2 = "info", tax = "class"),
     regex = "^>var_1:(.+)--var_2:(.+)--non_target--tax:(.+)$", class_sep = ";", class_regex = "^(.+)__(.+)$",
     class_key = c(my_rank = "info", tax_name = "taxon_name")) at testthat/test--taxmap_parsers.R:240
     2: validate_regex_key_pair(regex, key, multiple_allowed = "info")
     3: count_capture_groups(regex)
     4: ncol(stringr::str_match(string = "", pattern = new_regex))
     5: stringr::str_match
     6: getExportedValue(pkg, name)
     7: asNamespace(ns)
     8: getNamespace(ns)
     9: tryCatch(loadNamespace(name), error = function(e) stop(e))
     10: tryCatchList(expr, classes, parentenv, handlers)
     11: tryCatchOne(expr, names, parentenv, handlers[[1L]])
     12: value[[3L]](cond)
    
     == testthat results ===========================================================
     OK: 568 SKIPPED: 2 FAILED: 2
     1. Error: Taxmap can be intialized from complex data (@test--taxmap_parsers.R#19)
     2. Error: Taxmap can be intialized from raw strings (@test--taxmap_parsers.R#240)
    
     Error: testthat unit tests failed
     Execution halted
Flavor: r-oldrel-windows-ix86+x86_64

Version: 0.3.1
Check: re-building of vignette outputs
Result: WARN
    Error in re-building vignettes:
     ...
    Error: processing vignette 'taxa-introduction.Rmd' failed with diagnostics:
    undefined exports: %s!=%, %s!==%, %s+%, %s<%, %s<=%, %s==%, %s===%, %s>%, %s>=%, %stri!=%, %stri!==%, %stri+%, %stri<%, %stri<=%, %stri==%, %stri===%, %stri>%, %stri>=%, stri_datetime_add<-, stri_sub<-, stri_subset<-, stri_subset_charclass<-, stri_subset_coll<-, stri_subset_fixed<-, stri_subset_regex<-, stri_c, stri_c_list, stri_cmp, stri_cmp_eq, stri_cmp_equiv, stri_cmp_ge, stri_cmp_gt, stri_cmp_le, stri_cmp_lt, stri_cmp_neq, stri_cmp_nequiv, stri_compare, stri_conv, stri_count, stri_count_boundaries, stri_count_charclass, stri_count_coll, stri_count_fixed, stri_count_regex, stri_count_words, stri_datetime_add, stri_datetime_create, stri_datetime_fields, stri_datetime_format, stri_datetime_fstr, stri_datetime_now, stri_datetime_parse, stri_datetime_symbols, stri_detect, stri_detect_charclass, stri_detect_coll, stri_detect_fixed, stri_detect_regex, stri_dup, stri_duplicated, stri_duplicated_any, stri_enc_detec
    Execution halted
Flavor: r-oldrel-windows-ix86+x86_64