CRAN Package Check Results for Package taxa

Last updated on 2019-02-15 20:47:10 CET.

Flavor Version Tinstall Tcheck Ttotal Status Flags
r-devel-linux-x86_64-debian-clang 0.3.2 18.28 101.32 119.60 OK
r-devel-linux-x86_64-debian-gcc 0.3.2 15.43 77.14 92.57 OK
r-devel-linux-x86_64-fedora-clang 0.3.2 152.37 NOTE
r-devel-linux-x86_64-fedora-gcc 0.3.2 132.72 NOTE
r-devel-windows-ix86+x86_64 0.3.2 35.00 139.00 174.00 OK
r-patched-linux-x86_64 0.3.2 15.88 93.05 108.93 OK
r-patched-solaris-x86 0.3.2 176.00 NOTE
r-release-linux-x86_64 0.3.2 13.63 92.42 106.05 OK
r-release-windows-ix86+x86_64 0.3.2 21.00 151.00 172.00 OK
r-release-osx-x86_64 0.3.2 NOTE
r-oldrel-windows-ix86+x86_64 0.3.2 22.00 154.00 176.00 OK
r-oldrel-osx-x86_64 0.3.2 NOTE

Check Details

Version: 0.3.2
Check: dependencies in R code
Result: NOTE
    Namespaces in Imports field not imported from:
     ‘knitr’ ‘lazyeval’ ‘rlang’ ‘tidyr’
     All declared Imports should be used.
Flavors: r-devel-linux-x86_64-fedora-clang, r-devel-linux-x86_64-fedora-gcc, r-patched-solaris-x86, r-release-osx-x86_64, r-oldrel-osx-x86_64