CRAN Package Check Results for Package taxize

Last updated on 2018-08-19 02:48:07 CEST.

Flavor Version Tinstall Tcheck Ttotal Status Flags
r-devel-linux-x86_64-debian-clang 0.9.4 12.04 87.41 99.45 OK
r-devel-linux-x86_64-debian-gcc 0.9.4 8.75 69.66 78.41 OK
r-devel-linux-x86_64-fedora-clang 0.9.4 120.71 OK
r-devel-linux-x86_64-fedora-gcc 0.9.4 60.65 OK
r-devel-windows-ix86+x86_64 0.9.4 32.00 173.00 205.00 OK
r-patched-linux-x86_64 0.9.4 10.07 82.61 92.68 OK
r-patched-solaris-x86 0.9.4 139.40 OK
r-release-linux-x86_64 0.9.4 8.28 81.41 89.69 OK
r-release-windows-ix86+x86_64 0.9.4 31.00 118.00 149.00 OK
r-release-osx-x86_64 0.9.4 OK
r-oldrel-windows-ix86+x86_64 0.9.4 15.00 100.00 115.00 OK
r-oldrel-osx-x86_64 0.9.4 ERROR

Check Details

Version: 0.9.4
Check: package dependencies
Result: ERROR
    Package required and available but unsuitable version: ‘rredlist’
    
    See section ‘The DESCRIPTION file’ in the ‘Writing R Extensions’
    manual.
Flavor: r-oldrel-osx-x86_64