CRAN Package Check Results for Package taxize

Last updated on 2018-11-17 04:50:57 CET.

Flavor Version Tinstall Tcheck Ttotal Status Flags
r-devel-linux-x86_64-debian-clang 0.9.4 10.37 84.19 94.56 OK
r-devel-linux-x86_64-debian-gcc 0.9.4 9.06 66.18 75.24 OK
r-devel-linux-x86_64-fedora-clang 0.9.4 119.19 OK
r-devel-linux-x86_64-fedora-gcc 0.9.4 107.23 OK
r-devel-windows-ix86+x86_64 0.9.4 24.00 108.00 132.00 OK
r-patched-linux-x86_64 0.9.4 7.05 81.71 88.76 OK
r-patched-solaris-x86 0.9.4 158.60 OK
r-release-linux-x86_64 0.9.4 10.98 81.53 92.51 OK
r-release-windows-ix86+x86_64 0.9.4 24.00 163.00 187.00 OK
r-release-osx-x86_64 0.9.4 OK
r-oldrel-windows-ix86+x86_64 0.9.4 16.00 159.00 175.00 OK
r-oldrel-osx-x86_64 0.9.4 ERROR

Check Details

Version: 0.9.4
Check: package dependencies
Result: ERROR
    Package required and available but unsuitable version: ‘rredlist’
    
    See section ‘The DESCRIPTION file’ in the ‘Writing R Extensions’
    manual.
Flavor: r-oldrel-osx-x86_64