CRAN Package Check Results for Package taylor

Last updated on 2024-02-25 01:49:14 CET.

Flavor Version Tinstall Tcheck Ttotal Status Flags
r-devel-linux-x86_64-debian-clang 3.0.0 6.84 77.71 84.55 OK
r-devel-linux-x86_64-debian-gcc 3.0.0 6.16 58.56 64.72 OK
r-devel-linux-x86_64-fedora-clang 3.0.0 102.13 NOTE
r-devel-linux-x86_64-fedora-gcc 3.0.0 97.20 NOTE
r-devel-windows-x86_64 3.0.0 8.00 77.00 85.00 OK
r-patched-linux-x86_64 3.0.0 7.38 74.20 81.58 OK
r-release-linux-x86_64 3.0.0 8.10 74.79 82.89 OK
r-release-macos-arm64 3.0.0 38.00 OK
r-release-macos-x86_64 3.0.0 77.00 OK
r-release-windows-x86_64 3.0.0 9.00 88.00 97.00 OK
r-oldrel-macos-arm64 3.0.0 42.00 OK
r-oldrel-windows-x86_64 3.0.0 10.00 93.00 103.00 OK

Check Details

Version: 3.0.0
Check: data for non-ASCII characters
Result: NOTE Note: found 30 marked UTF-8 strings Flavors: r-devel-linux-x86_64-fedora-clang, r-devel-linux-x86_64-fedora-gcc