CRAN Package Check Results for Package tbart

Last updated on 2022-05-27 21:51:35 CEST.

Flavor Version Tinstall Tcheck Ttotal Status Flags
r-devel-linux-x86_64-debian-clang 1.0 20.14 53.17 73.31 OK
r-devel-linux-x86_64-debian-gcc 1.0 16.82 40.75 57.57 OK
r-devel-linux-x86_64-fedora-clang 1.0 97.75 NOTE
r-devel-linux-x86_64-fedora-gcc 1.0 80.75 NOTE
r-devel-windows-x86_64 1.0 28.00 91.00 119.00 OK
r-patched-linux-x86_64 1.0 19.98 50.84 70.82 OK
r-release-linux-x86_64 1.0 20.27 50.95 71.22 OK
r-release-macos-arm64 1.0 28.00 OK
r-release-macos-x86_64 1.0 38.00 OK
r-release-windows-x86_64 1.0 27.00 92.00 119.00 OK
r-oldrel-macos-arm64 1.0 37.00 OK
r-oldrel-macos-x86_64 1.0 54.00 OK
r-oldrel-windows-ix86+x86_64 1.0 58.00 97.00 155.00 OK

Check Details

Version: 1.0
Check: compiled code
Result: NOTE
    File ‘tbart/libs/tbart.so’:
     Found no calls to: ‘R_registerRoutines’, ‘R_useDynamicSymbols’
    
    It is good practice to register native routines and to disable symbol
    search.
    
    See ‘Writing portable packages’ in the ‘Writing R Extensions’ manual.
Flavors: r-devel-linux-x86_64-fedora-clang, r-devel-linux-x86_64-fedora-gcc