CRAN Package Check Results for Package tbl2xts

Last updated on 2019-12-07 09:49:05 CET.

Flavor Version Tinstall Tcheck Ttotal Status Flags
r-devel-linux-x86_64-debian-clang 0.1.3 4.11 36.31 40.42 OK
r-devel-linux-x86_64-debian-gcc 0.1.3 3.73 28.39 32.12 OK
r-devel-linux-x86_64-fedora-clang 0.1.3 49.25 NOTE
r-devel-linux-x86_64-fedora-gcc 0.1.3 46.03 NOTE
r-devel-windows-ix86+x86_64 0.1.3 12.00 72.00 84.00 OK
r-devel-windows-ix86+x86_64-gcc8 0.1.3 11.00 58.00 69.00 OK
r-patched-linux-x86_64 0.1.3 3.85 32.40 36.25 OK
r-patched-solaris-x86 0.1.3 68.40 NOTE
r-release-linux-x86_64 0.1.3 3.93 32.68 36.61 OK
r-release-windows-ix86+x86_64 0.1.3 9.00 80.00 89.00 OK
r-release-osx-x86_64 0.1.3 NOTE
r-oldrel-windows-ix86+x86_64 0.1.3 6.00 72.00 78.00 OK
r-oldrel-osx-x86_64 0.1.3 NOTE

Check Details

Version: 0.1.3
Check: dependencies in R code
Result: NOTE
    Namespace in Imports field not imported from: ‘PerformanceAnalytics’
     All declared Imports should be used.
Flavors: r-devel-linux-x86_64-fedora-clang, r-devel-linux-x86_64-fedora-gcc, r-patched-solaris-x86, r-release-osx-x86_64, r-oldrel-osx-x86_64