CRAN Package Check Results for Package tcR

Last updated on 2018-02-20 03:50:06 CET.

Flavor Version Tinstall Tcheck Ttotal Status Flags
r-devel-linux-x86_64-debian-clang 2.2.1.11 23.88 89.25 113.13 NOTE
r-devel-linux-x86_64-debian-gcc 2.2.1.11 18.29 77.65 95.94 NOTE
r-devel-linux-x86_64-fedora-clang 2.2.1.11 154.98 NOTE
r-devel-linux-x86_64-fedora-gcc 2.2.1.11 145.87 NOTE
r-devel-windows-ix86+x86_64 2.2.1.11 45.00 124.00 169.00 NOTE
r-patched-linux-x86_64 2.2.1.11 17.35 114.42 131.77 NOTE
r-patched-solaris-x86 2.2.1.11 186.80 NOTE
r-release-linux-x86_64 2.2.1.11 17.87 120.16 138.03 NOTE
r-release-windows-ix86+x86_64 2.2.1.11 58.00 131.00 189.00 NOTE
r-release-osx-x86_64 2.2.1.11 NOTE
r-oldrel-windows-ix86+x86_64 2.2.1.11 59.00 175.00 234.00 NOTE
r-oldrel-osx-x86_64 2.2.1.11 NOTE

Check Details

Version: 2.2.1.11
Check: S3 generic/method consistency
Result: NOTE
    Found the following apparent S3 methods exported but not registered:
     slice.fun
    See section ‘Registering S3 methods’ in the ‘Writing R Extensions’
    manual.
Flavors: r-devel-linux-x86_64-debian-clang, r-devel-linux-x86_64-debian-gcc, r-devel-linux-x86_64-fedora-clang, r-devel-linux-x86_64-fedora-gcc, r-patched-linux-x86_64, r-patched-solaris-x86, r-release-linux-x86_64

Version: 2.2.1.11
Check: Rd \usage sections
Result: NOTE
    S3 methods shown with full name in documentation object 'top.fun':
     ‘slice.fun’
    
    The \usage entries for S3 methods should use the \method markup and not
    their full name.
    See chapter ‘Writing R documentation files’ in the ‘Writing R
    Extensions’ manual.
Flavors: r-devel-linux-x86_64-debian-clang, r-devel-linux-x86_64-debian-gcc, r-devel-linux-x86_64-fedora-clang, r-devel-linux-x86_64-fedora-gcc, r-devel-windows-ix86+x86_64, r-patched-linux-x86_64, r-patched-solaris-x86, r-release-linux-x86_64, r-release-windows-ix86+x86_64, r-oldrel-windows-ix86+x86_64

Version: 2.2.1.11
Check: compiled code
Result: NOTE
    File ‘tcR/libs/tcR.so’:
     Found no calls to: ‘R_registerRoutines’, ‘R_useDynamicSymbols’
    
    It is good practice to register native routines and to disable symbol
    search.
    
    See ‘Writing portable packages’ in the ‘Writing R Extensions’ manual.
Flavors: r-devel-linux-x86_64-debian-clang, r-devel-linux-x86_64-debian-gcc, r-devel-linux-x86_64-fedora-clang, r-devel-linux-x86_64-fedora-gcc, r-patched-linux-x86_64, r-release-linux-x86_64

Version: 2.2.1.11
Check: installed package size
Result: NOTE
     installed size is 6.5Mb
     sub-directories of 1Mb or more:
     data 1.2Mb
     doc 3.9Mb
Flavors: r-devel-linux-x86_64-fedora-clang, r-devel-linux-x86_64-fedora-gcc, r-devel-windows-ix86+x86_64, r-patched-solaris-x86, r-release-windows-ix86+x86_64, r-release-osx-x86_64, r-oldrel-windows-ix86+x86_64, r-oldrel-osx-x86_64

Version: 2.2.1.11
Check: dependencies in R code
Result: NOTE
    Namespace in Imports field not imported from: ‘scales’
     All declared Imports should be used.
Flavors: r-devel-linux-x86_64-fedora-clang, r-devel-linux-x86_64-fedora-gcc, r-patched-solaris-x86, r-release-osx-x86_64, r-oldrel-osx-x86_64