CRAN Package Check Results for Package tcR

Last updated on 2018-08-20 07:48:02 CEST.

Flavor Version Tinstall Tcheck Ttotal Status Flags
r-devel-linux-x86_64-debian-clang 2.2.2 22.85 116.55 139.40 NOTE
r-devel-linux-x86_64-debian-gcc 2.2.2 20.64 90.29 110.93 NOTE
r-devel-linux-x86_64-fedora-clang 2.2.2 171.41 NOTE
r-devel-linux-x86_64-fedora-gcc 2.2.2 172.73 NOTE
r-devel-windows-ix86+x86_64 2.2.2 60.00 242.00 302.00 NOTE
r-patched-linux-x86_64 2.2.2 25.59 111.14 136.73 NOTE
r-patched-solaris-x86 2.2.2 216.80 NOTE
r-release-linux-x86_64 2.2.2 23.44 110.00 133.44 NOTE
r-release-windows-ix86+x86_64 2.2.2 65.00 153.00 218.00 NOTE
r-release-osx-x86_64 2.2.2 WARN
r-oldrel-windows-ix86+x86_64 2.2.2 40.00 216.00 256.00 NOTE
r-oldrel-osx-x86_64 2.2.2 NOTE

Check Details

Version: 2.2.2
Check: S3 generic/method consistency
Result: NOTE
    Found the following apparent S3 methods exported but not registered:
     slice.fun
    See section ‘Registering S3 methods’ in the ‘Writing R Extensions’
    manual.
Flavors: r-devel-linux-x86_64-debian-clang, r-devel-linux-x86_64-debian-gcc, r-devel-linux-x86_64-fedora-clang, r-devel-linux-x86_64-fedora-gcc, r-patched-linux-x86_64, r-patched-solaris-x86, r-release-linux-x86_64

Version: 2.2.2
Check: installed package size
Result: NOTE
     installed size is 6.7Mb
     sub-directories of 1Mb or more:
     data 1.4Mb
     doc 3.9Mb
Flavors: r-devel-linux-x86_64-fedora-clang, r-devel-windows-ix86+x86_64, r-patched-solaris-x86, r-release-windows-ix86+x86_64, r-release-osx-x86_64, r-oldrel-windows-ix86+x86_64, r-oldrel-osx-x86_64

Version: 2.2.2
Check: dependencies in R code
Result: NOTE
    Namespace in Imports field not imported from: ‘scales’
     All declared Imports should be used.
Flavors: r-devel-linux-x86_64-fedora-clang, r-devel-linux-x86_64-fedora-gcc, r-patched-solaris-x86, r-release-osx-x86_64, r-oldrel-osx-x86_64

Version: 2.2.2
Check: whether package can be installed
Result: WARN
    Found the following significant warnings:
     Warning: package ‘dplyr’ was built under R version 3.5.1
Flavor: r-release-osx-x86_64