CRAN Package Check Results for Package tcR

Last updated on 2019-02-19 22:51:52 CET.

Flavor Version Tinstall Tcheck Ttotal Status Flags
r-devel-linux-x86_64-debian-clang 2.2.3 22.24 121.72 143.96 OK
r-devel-linux-x86_64-debian-gcc 2.2.3 20.05 90.60 110.65 OK
r-devel-linux-x86_64-fedora-clang 2.2.3 176.20 NOTE
r-devel-linux-x86_64-fedora-gcc 2.2.3 160.59 OK
r-devel-windows-ix86+x86_64 2.2.3 69.00 200.00 269.00 NOTE
r-patched-linux-x86_64 2.2.3 23.16 108.63 131.79 OK
r-patched-solaris-x86 2.2.3 215.90 NOTE
r-release-linux-x86_64 2.2.3 19.37 109.85 129.22 OK
r-release-windows-ix86+x86_64 2.2.3 48.00 232.00 280.00 NOTE
r-release-osx-x86_64 2.2.3 NOTE
r-oldrel-windows-ix86+x86_64 2.2.3 43.00 167.00 210.00 NOTE
r-oldrel-osx-x86_64 2.2.3 NOTE

Check Details

Version: 2.2.3
Check: installed package size
Result: NOTE
     installed size is 6.8Mb
     sub-directories of 1Mb or more:
     data 1.4Mb
     doc 3.9Mb
Flavors: r-devel-linux-x86_64-fedora-clang, r-devel-windows-ix86+x86_64, r-patched-solaris-x86, r-release-windows-ix86+x86_64, r-release-osx-x86_64, r-oldrel-windows-ix86+x86_64, r-oldrel-osx-x86_64