Last updated on 2019-12-07 09:49:05 CET.
Flavor | Version | Tinstall | Tcheck | Ttotal | Status | Flags |
---|---|---|---|---|---|---|
r-devel-linux-x86_64-debian-clang | 2.2.4 | 28.24 | 125.39 | 153.63 | OK | |
r-devel-linux-x86_64-debian-gcc | 2.2.4 | 21.40 | 94.15 | 115.55 | OK | |
r-devel-linux-x86_64-fedora-clang | 2.2.4 | 184.77 | NOTE | |||
r-devel-linux-x86_64-fedora-gcc | 2.2.4 | 174.44 | OK | |||
r-devel-windows-ix86+x86_64 | 2.2.4 | 52.00 | 212.00 | 264.00 | NOTE | |
r-devel-windows-ix86+x86_64-gcc8 | 2.2.4 | 59.00 | 183.00 | 242.00 | NOTE | |
r-patched-linux-x86_64 | 2.2.4 | 22.10 | 110.51 | 132.61 | OK | |
r-patched-solaris-x86 | 2.2.4 | 218.20 | NOTE | |||
r-release-linux-x86_64 | 2.2.4 | 23.80 | 110.24 | 134.04 | OK | |
r-release-windows-ix86+x86_64 | 2.2.4 | 52.00 | 162.00 | 214.00 | NOTE | |
r-release-osx-x86_64 | 2.2.4 | NOTE | ||||
r-oldrel-windows-ix86+x86_64 | 2.2.4 | 47.00 | 151.00 | 198.00 | NOTE | |
r-oldrel-osx-x86_64 | 2.2.4 | NOTE |
Version: 2.2.4
Check: installed package size
Result: NOTE
installed size is 6.8Mb
sub-directories of 1Mb or more:
data 1.4Mb
doc 3.9Mb
Flavors: r-devel-linux-x86_64-fedora-clang, r-devel-windows-ix86+x86_64, r-devel-windows-ix86+x86_64-gcc8, r-patched-solaris-x86, r-release-windows-ix86+x86_64, r-release-osx-x86_64, r-oldrel-windows-ix86+x86_64, r-oldrel-osx-x86_64