CRAN Package Check Results for Package tcR

Last updated on 2018-11-15 14:47:33 CET.

Flavor Version Tinstall Tcheck Ttotal Status Flags
r-devel-linux-x86_64-debian-clang 2.2.2 20.89 118.40 139.29 NOTE
r-devel-linux-x86_64-debian-gcc 2.2.2 20.37 91.45 111.82 NOTE
r-devel-linux-x86_64-fedora-clang 2.2.2 175.42 NOTE
r-devel-linux-x86_64-fedora-gcc 2.2.2 162.91 NOTE
r-devel-windows-ix86+x86_64 2.2.2 41.00 156.00 197.00 NOTE
r-patched-linux-x86_64 2.2.2 25.51 110.71 136.22 NOTE
r-patched-solaris-x86 2.2.2 221.20 NOTE
r-release-linux-x86_64 2.2.2 25.76 110.64 136.40 NOTE
r-release-windows-ix86+x86_64 2.2.2 60.00 147.00 207.00 NOTE
r-release-osx-x86_64 2.2.2 WARN
r-oldrel-windows-ix86+x86_64 2.2.2 55.00 204.00 259.00 NOTE
r-oldrel-osx-x86_64 2.2.2 NOTE

Check Details

Version: 2.2.2
Check: S3 generic/method consistency
Result: NOTE
    Found the following apparent S3 methods exported but not registered:
     slice.fun
    See section ‘Registering S3 methods’ in the ‘Writing R Extensions’
    manual.
Flavors: r-devel-linux-x86_64-debian-clang, r-devel-linux-x86_64-debian-gcc, r-devel-linux-x86_64-fedora-clang, r-devel-linux-x86_64-fedora-gcc, r-patched-linux-x86_64, r-patched-solaris-x86, r-release-linux-x86_64

Version: 2.2.2
Check: installed package size
Result: NOTE
     installed size is 6.8Mb
     sub-directories of 1Mb or more:
     data 1.4Mb
     doc 3.9Mb
Flavors: r-devel-linux-x86_64-fedora-clang, r-devel-windows-ix86+x86_64, r-patched-solaris-x86, r-release-windows-ix86+x86_64, r-release-osx-x86_64, r-oldrel-windows-ix86+x86_64, r-oldrel-osx-x86_64

Version: 2.2.2
Check: dependencies in R code
Result: NOTE
    Namespace in Imports field not imported from: ‘scales’
     All declared Imports should be used.
Flavors: r-devel-linux-x86_64-fedora-clang, r-devel-linux-x86_64-fedora-gcc, r-patched-solaris-x86, r-release-osx-x86_64, r-oldrel-osx-x86_64

Version: 2.2.2
Check: whether package can be installed
Result: WARN
    Found the following significant warnings:
     Warning: package ‘dplyr’ was built under R version 3.5.1
Flavor: r-release-osx-x86_64