CRAN Package Check Results for Package tcgsaseq

Last updated on 2020-07-07 05:48:40 CEST.

Flavor Version Tinstall Tcheck Ttotal Status Flags
r-devel-linux-x86_64-debian-clang 1.8.1 6.49 66.89 73.38 OK
r-devel-linux-x86_64-debian-gcc 1.8.1 6.08 50.52 56.60 OK
r-devel-linux-x86_64-fedora-clang 1.8.1 95.77 OK
r-devel-linux-x86_64-fedora-gcc 1.8.1 85.84 OK
r-devel-windows-ix86+x86_64 1.8.1 15.00 96.00 111.00 OK
r-patched-linux-x86_64 1.8.1 6.40 64.06 70.46 OK
r-patched-solaris-x86 1.8.1 124.80 OK
r-release-linux-x86_64 1.8.1 7.55 64.78 72.33 OK
r-release-osx-x86_64 1.8.1 OK
r-release-windows-ix86+x86_64 1.8.1 14.00 78.00 92.00 OK
r-oldrel-osx-x86_64 1.8.1 NOTE
r-oldrel-windows-ix86+x86_64 1.8.1 19.00 106.00 125.00 OK

Check Details

Version: 1.8.1
Check: package dependencies
Result: NOTE
    Packages suggested but not available for checking:
     'limma', 'edgeR', 'DESeq2', 'S4Vectors'
Flavor: r-oldrel-osx-x86_64

Version: 1.8.1
Check: Rd cross-references
Result: NOTE
    Package unavailable to check Rd xrefs: ‘limma’
Flavor: r-oldrel-osx-x86_64