CRAN Package Check Results for Package tcgsaseq

Last updated on 2019-11-22 03:49:30 CET.

Flavor Version Tinstall Tcheck Ttotal Status Flags
r-devel-linux-x86_64-debian-clang 1.8.1 OK
r-devel-linux-x86_64-debian-gcc 1.8.1 5.39 51.05 56.44 OK
r-devel-linux-x86_64-fedora-clang 1.8.1 80.52 OK
r-devel-linux-x86_64-fedora-gcc 1.8.1 79.80 OK
r-devel-windows-ix86+x86_64 1.8.1 28.00 79.00 107.00 OK
r-devel-windows-ix86+x86_64-gcc8 1.8.1 15.00 80.00 95.00 OK
r-patched-linux-x86_64 1.8.1 4.76 59.54 64.30 OK
r-patched-solaris-x86 1.8.1 121.50 OK
r-release-linux-x86_64 1.8.1 6.24 58.43 64.67 OK
r-release-windows-ix86+x86_64 1.8.1 21.00 80.00 101.00 OK
r-release-osx-x86_64 1.8.1 NOTE
r-oldrel-windows-ix86+x86_64 1.8.1 10.00 106.00 116.00 OK
r-oldrel-osx-x86_64 1.8.1 OK

Check Details

Version: 1.8.1
Check: package dependencies
Result: NOTE
    Packages suggested but not available for checking:
     'limma', 'edgeR', 'DESeq2', 'S4Vectors'
Flavor: r-release-osx-x86_64

Version: 1.8.1
Check: Rd cross-references
Result: NOTE
    Package unavailable to check Rd xrefs: ‘limma’
Flavor: r-release-osx-x86_64