CRAN Package Check Results for Package tcpl

Last updated on 2021-09-19 11:50:26 CEST.

Flavor Version Tinstall Tcheck Ttotal Status Flags
r-devel-linux-x86_64-debian-clang 2.0.2 12.58 145.52 158.10 OK
r-devel-linux-x86_64-debian-gcc 2.0.2 10.41 107.47 117.88 OK
r-devel-linux-x86_64-fedora-clang 2.0.2 195.91 OK
r-devel-linux-x86_64-fedora-gcc 2.0.2 182.70 OK
r-devel-windows-x86_64 2.0.2 15.00 173.00 188.00 OK
r-devel-windows-x86_64-gcc10-UCRT 2.0.2 ERROR
r-patched-linux-x86_64 2.0.2 15.74 137.99 153.73 OK
r-patched-solaris-x86 2.0.2 245.00 OK
r-release-linux-x86_64 2.0.2 13.07 137.94 151.01 OK
r-release-macos-arm64 2.0.2 OK
r-release-macos-x86_64 2.0.2 OK
r-release-windows-ix86+x86_64 2.0.2 24.00 132.00 156.00 OK
r-oldrel-macos-x86_64 2.0.2 OK
r-oldrel-windows-ix86+x86_64 2.0.2 24.00 135.00 159.00 OK

Check Details

Version: 2.0.2
Check: whether package can be installed
Result: WARN
    Found the following significant warnings:
     WARNING: installation-time patches will not be applied, could not get the patches index
Flavor: r-devel-windows-x86_64-gcc10-UCRT

Version: 2.0.2
Check: PDF version of manual
Result: WARN
    LaTeX errors when creating PDF version.
    This typically indicates Rd problems.
Flavor: r-devel-windows-x86_64-gcc10-UCRT

Version: 2.0.2
Check: PDF version of manual without hyperrefs or index
Result: ERROR
    Re-running with no redirection of stdout/stderr.
Flavor: r-devel-windows-x86_64-gcc10-UCRT