CRAN Package Check Results for Package tdaunif

Last updated on 2021-05-08 05:57:24 CEST.

Flavor Version Tinstall Tcheck Ttotal Status Flags
r-devel-linux-x86_64-debian-clang 0.1.0 2.84 32.60 35.44 NOTE
r-devel-linux-x86_64-debian-gcc 0.1.0 2.37 25.56 27.93 NOTE
r-devel-linux-x86_64-fedora-clang 0.1.0 53.04 NOTE
r-devel-linux-x86_64-fedora-gcc 0.1.0 42.62 NOTE
r-devel-windows-ix86+x86_64 0.1.0 5.00 53.00 58.00 NOTE
r-devel-windows-x86_64-gcc10-UCRT 0.1.0 NOTE
r-patched-linux-x86_64 0.1.0 2.85 31.75 34.60 NOTE
r-patched-solaris-x86 0.1.0 62.60 OK
r-release-linux-x86_64 0.1.0 2.71 31.10 33.81 OK
r-release-macos-x86_64 0.1.0 OK
r-release-windows-ix86+x86_64 0.1.0 5.00 42.00 47.00 OK
r-oldrel-macos-x86_64 0.1.0 OK
r-oldrel-windows-ix86+x86_64 0.1.0 5.00 45.00 50.00 OK

Check Details

Version: 0.1.0
Check: LazyData
Result: NOTE
     'LazyData' is specified without a 'data' directory
Flavors: r-devel-linux-x86_64-debian-clang, r-devel-linux-x86_64-debian-gcc, r-devel-linux-x86_64-fedora-clang, r-devel-linux-x86_64-fedora-gcc, r-devel-windows-ix86+x86_64, r-devel-windows-x86_64-gcc10-UCRT, r-patched-linux-x86_64