CRAN Package Check Results for Package teachingApps

Last updated on 2018-08-21 08:49:16 CEST.

Flavor Version Tinstall Tcheck Ttotal Status Flags
r-devel-linux-x86_64-debian-clang 1.0.4 64.53 86.79 151.32 OK
r-devel-linux-x86_64-debian-gcc 1.0.4 58.81 70.16 128.97 OK
r-devel-linux-x86_64-fedora-clang 1.0.4 189.79 NOTE
r-devel-linux-x86_64-fedora-gcc 1.0.4 200.19 OK
r-devel-windows-ix86+x86_64 1.0.4 215.00 219.00 434.00 OK
r-patched-linux-x86_64 1.0.4 68.22 80.08 148.30 OK
r-patched-solaris-x86 1.0.4 231.20 OK
r-release-linux-x86_64 1.0.4 72.58 79.21 151.79 OK
r-release-windows-ix86+x86_64 1.0.4 214.00 182.00 396.00 OK
r-release-osx-x86_64 1.0.4 NOTE
r-oldrel-windows-ix86+x86_64 1.0.4 156.00 208.00 364.00 OK
r-oldrel-osx-x86_64 1.0.4 NOTE

Check Details

Version: 1.0.4
Check: installed package size
Result: NOTE
     installed size is 12.1Mb
     sub-directories of 1Mb or more:
     apps 2.8Mb
     libs 8.4Mb
Flavors: r-devel-linux-x86_64-fedora-clang, r-release-osx-x86_64, r-oldrel-osx-x86_64