CRAN Package Check Results for Package teachingApps

Last updated on 2018-02-20 03:50:06 CET.

Flavor Version Tinstall Tcheck Ttotal Status Flags
r-devel-linux-x86_64-debian-clang 1.0.2 38.50 68.73 107.23 OK
r-devel-linux-x86_64-debian-gcc 1.0.2 29.88 58.51 88.39 OK
r-devel-linux-x86_64-fedora-clang 1.0.2 150.30 NOTE
r-devel-linux-x86_64-fedora-gcc 1.0.2 137.49 NOTE
r-devel-windows-ix86+x86_64 1.0.2 78.00 116.00 194.00 OK
r-patched-linux-x86_64 1.0.2 35.95 79.39 115.34 OK
r-patched-solaris-x86 1.0.2 174.70 NOTE
r-release-linux-x86_64 1.0.2 35.38 80.09 115.47 OK
r-release-windows-ix86+x86_64 1.0.2 135.00 192.00 327.00 OK
r-release-osx-x86_64 1.0.2 NOTE
r-oldrel-windows-ix86+x86_64 1.0.2 127.00 164.00 291.00 OK
r-oldrel-osx-x86_64 1.0.2 NOTE

Check Details

Version: 1.0.2
Check: installed package size
Result: NOTE
     installed size is 5.1Mb
     sub-directories of 1Mb or more:
     apps 2.6Mb
     libs 1.5Mb
Flavors: r-devel-linux-x86_64-fedora-clang, r-devel-linux-x86_64-fedora-gcc

Version: 1.0.2
Check: dependencies in R code
Result: NOTE
    Namespaces in Imports field not imported from:
     ‘data.table’ ‘datasets’ ‘stats’
     All declared Imports should be used.
Flavors: r-devel-linux-x86_64-fedora-clang, r-devel-linux-x86_64-fedora-gcc, r-patched-solaris-x86, r-release-osx-x86_64, r-oldrel-osx-x86_64