CRAN Package Check Results for Package teachingApps

Last updated on 2018-11-15 06:47:42 CET.

Flavor Version Tinstall Tcheck Ttotal Status Flags
r-devel-linux-x86_64-debian-clang 1.0.4 61.24 99.28 160.52 OK
r-devel-linux-x86_64-debian-gcc 1.0.4 55.54 78.45 133.99 OK
r-devel-linux-x86_64-fedora-clang 1.0.4 220.39 NOTE
r-devel-linux-x86_64-fedora-gcc 1.0.4 209.65 OK
r-devel-windows-ix86+x86_64 1.0.4 139.00 142.00 281.00 OK
r-patched-linux-x86_64 1.0.4 57.10 89.60 146.70 OK
r-patched-solaris-x86 1.0.4 248.70 OK
r-release-linux-x86_64 1.0.4 75.56 89.99 165.55 OK
r-release-windows-ix86+x86_64 1.0.4 195.00 152.00 347.00 OK
r-release-osx-x86_64 1.0.4 NOTE
r-oldrel-windows-ix86+x86_64 1.0.4 195.00 217.00 412.00 OK
r-oldrel-osx-x86_64 1.0.4 NOTE

Check Details

Version: 1.0.4
Check: installed package size
Result: NOTE
     installed size is 12.2Mb
     sub-directories of 1Mb or more:
     apps 2.8Mb
     libs 8.5Mb
Flavors: r-devel-linux-x86_64-fedora-clang, r-release-osx-x86_64, r-oldrel-osx-x86_64