CRAN Package Check Results for Package teachingApps

Last updated on 2018-05-21 21:48:23 CEST.

Flavor Version Tinstall Tcheck Ttotal Status Flags
r-devel-linux-x86_64-debian-clang 1.0.2 46.05 74.70 120.75 OK
r-devel-linux-x86_64-debian-gcc 1.0.2 33.18 64.39 97.57 OK
r-devel-linux-x86_64-fedora-clang 1.0.2 163.31 NOTE
r-devel-linux-x86_64-fedora-gcc 1.0.2 147.87 NOTE
r-devel-windows-ix86+x86_64 1.0.2 82.00 191.00 273.00 OK
r-patched-linux-x86_64 1.0.2 43.46 76.22 119.68 OK
r-patched-solaris-x86 1.0.2 187.50 NOTE
r-release-linux-x86_64 1.0.2 43.96 74.94 118.90 OK
r-release-windows-ix86+x86_64 1.0.2 76.00 199.00 275.00 OK
r-release-osx-x86_64 1.0.2 NOTE
r-oldrel-windows-ix86+x86_64 1.0.2 113.00 192.00 305.00 OK
r-oldrel-osx-x86_64 1.0.2 NOTE

Check Details

Version: 1.0.2
Check: installed package size
Result: NOTE
     installed size is 5.1Mb
     sub-directories of 1Mb or more:
     apps 2.6Mb
     libs 1.5Mb
Flavors: r-devel-linux-x86_64-fedora-clang, r-devel-linux-x86_64-fedora-gcc

Version: 1.0.2
Check: dependencies in R code
Result: NOTE
    Namespaces in Imports field not imported from:
     ‘data.table’ ‘datasets’ ‘stats’
     All declared Imports should be used.
Flavors: r-devel-linux-x86_64-fedora-clang, r-devel-linux-x86_64-fedora-gcc, r-patched-solaris-x86, r-release-osx-x86_64, r-oldrel-osx-x86_64