CRAN Package Check Results for Package teachingApps

Last updated on 2019-02-15 22:47:00 CET.

Flavor Version Tinstall Tcheck Ttotal Status Flags
r-devel-linux-x86_64-debian-clang 1.0.4 61.16 95.42 156.58 OK
r-devel-linux-x86_64-debian-gcc 1.0.4 55.26 72.61 127.87 OK
r-devel-linux-x86_64-fedora-clang 1.0.4 215.28 NOTE
r-devel-linux-x86_64-fedora-gcc 1.0.4 198.79 OK
r-devel-windows-ix86+x86_64 1.0.4 194.00 225.00 419.00 OK
r-patched-linux-x86_64 1.0.4 67.12 91.37 158.49 OK
r-patched-solaris-x86 1.0.4 235.50 OK
r-release-linux-x86_64 1.0.4 66.98 90.11 157.09 OK
r-release-windows-ix86+x86_64 1.0.4 135.00 216.00 351.00 OK
r-release-osx-x86_64 1.0.4 NOTE
r-oldrel-windows-ix86+x86_64 1.0.4 203.00 243.00 446.00 OK
r-oldrel-osx-x86_64 1.0.4 NOTE

Check Details

Version: 1.0.4
Check: installed package size
Result: NOTE
     installed size is 11.4Mb
     sub-directories of 1Mb or more:
     apps 2.8Mb
     libs 7.7Mb
Flavors: r-devel-linux-x86_64-fedora-clang, r-release-osx-x86_64, r-oldrel-osx-x86_64