CRAN Package Check Results for Package teamcolors

Last updated on 2021-02-25 10:47:50 CET.

Flavor Version Tinstall Tcheck Ttotal Status Flags
r-devel-linux-x86_64-debian-clang 0.0.4 4.67 47.87 52.54 OK
r-devel-linux-x86_64-debian-gcc 0.0.4 3.61 36.89 40.50 OK
r-devel-linux-x86_64-fedora-clang 0.0.4 73.54 NOTE
r-devel-linux-x86_64-fedora-gcc 0.0.4 60.05 OK
r-devel-windows-ix86+x86_64 0.0.4 9.00 51.00 60.00 OK
r-patched-linux-x86_64 0.0.4 4.88 45.01 49.89 OK
r-patched-solaris-x86 0.0.4 89.80 OK
r-release-linux-x86_64 0.0.4 4.18 45.70 49.88 OK
r-release-macos-x86_64 0.0.4 OK
r-release-windows-ix86+x86_64 0.0.4 14.00 69.00 83.00 OK
r-oldrel-macos-x86_64 0.0.4 OK
r-oldrel-windows-ix86+x86_64 0.0.4 8.00 58.00 66.00 OK

Check Details

Version: 0.0.4
Check: Rd cross-references
Result: NOTE
    Undeclared package ‘scales’ in Rd xrefs
Flavor: r-devel-linux-x86_64-fedora-clang