CRAN Package Check Results for Package telefit

Last updated on 2021-01-26 18:50:56 CET.

Flavor Version Tinstall Tcheck Ttotal Status Flags
r-devel-linux-x86_64-debian-clang 1.0.3 268.19 164.64 432.83 OK
r-devel-linux-x86_64-debian-gcc 1.0.3 176.66 123.49 300.15 OK
r-devel-linux-x86_64-fedora-clang 1.0.3 563.86 NOTE
r-devel-linux-x86_64-fedora-gcc 1.0.3 532.50 OK
r-devel-windows-ix86+x86_64 1.0.3 606.00 301.00 907.00 NOTE
r-patched-linux-x86_64 1.0.3 214.84 149.92 364.76 OK
r-patched-solaris-x86 1.0.3 509.60 OK
r-release-linux-x86_64 1.0.3 212.98 150.74 363.72 OK
r-release-macos-x86_64 1.0.3 NOTE
r-release-windows-ix86+x86_64 1.0.3 597.00 229.00 826.00 NOTE
r-oldrel-macos-x86_64 1.0.3 NOTE
r-oldrel-windows-ix86+x86_64 1.0.3 448.00 282.00 730.00 NOTE

Check Details

Version: 1.0.3
Check: installed package size
Result: NOTE
     installed size is 19.8Mb
     sub-directories of 1Mb or more:
     data 2.4Mb
     libs 17.0Mb
Flavors: r-devel-linux-x86_64-fedora-clang, r-devel-windows-ix86+x86_64, r-release-macos-x86_64, r-release-windows-ix86+x86_64, r-oldrel-macos-x86_64, r-oldrel-windows-ix86+x86_64