CRAN Package Check Results for Package telegram

Last updated on 2022-11-30 20:55:26 CET.

Flavor Version Tinstall Tcheck Ttotal Status Flags
r-devel-linux-x86_64-debian-clang 0.6.0 3.72 27.64 31.36 NOTE
r-devel-linux-x86_64-debian-gcc 0.6.0 3.00 21.88 24.88 NOTE
r-devel-linux-x86_64-fedora-clang 0.6.0 49.60 NOTE
r-devel-linux-x86_64-fedora-gcc 0.6.0 48.08 NOTE
r-devel-windows-x86_64 0.6.0 14.00 56.00 70.00 NOTE
r-patched-linux-x86_64 0.6.0 6.23 26.13 32.36 NOTE
r-release-linux-x86_64 0.6.0 2.31 25.74 28.05 NOTE
r-release-macos-arm64 0.6.0 17.00 NOTE
r-release-macos-x86_64 0.6.0 24.00 NOTE
r-release-windows-x86_64 0.6.0 16.00 54.00 70.00 NOTE
r-oldrel-macos-arm64 0.6.0 20.00 NOTE
r-oldrel-macos-x86_64 0.6.0 26.00 NOTE
r-oldrel-windows-ix86+x86_64 0.6.0 7.00 50.00 57.00 NOTE

Check Details

Version: 0.6.0
Check: LazyData
Result: NOTE
     'LazyData' is specified without a 'data' directory
Flavors: r-devel-linux-x86_64-debian-clang, r-devel-linux-x86_64-debian-gcc, r-devel-linux-x86_64-fedora-clang, r-devel-linux-x86_64-fedora-gcc, r-devel-windows-x86_64, r-patched-linux-x86_64, r-release-linux-x86_64, r-release-macos-arm64, r-release-macos-x86_64, r-release-windows-x86_64, r-oldrel-macos-arm64, r-oldrel-macos-x86_64, r-oldrel-windows-ix86+x86_64