Last updated on 2021-03-08 09:47:56 CET.
Flavor | Version | Tinstall | Tcheck | Ttotal | Status | Flags |
---|---|---|---|---|---|---|
r-devel-linux-x86_64-debian-clang | 1.0.1 | 5.29 | 24.16 | 29.45 | OK | |
r-devel-linux-x86_64-debian-gcc | 1.0.1 | 4.94 | 19.31 | 24.25 | OK | |
r-devel-linux-x86_64-fedora-clang | 1.0.1 | 45.78 | NOTE | |||
r-devel-linux-x86_64-fedora-gcc | 1.0.1 | 37.89 | OK | |||
r-devel-windows-ix86+x86_64 | 1.0.1 | 10.00 | 33.00 | 43.00 | NOTE | |
r-devel-windows-x86_64-gcc10-UCRT | 1.0.1 | OK | ||||
r-patched-linux-x86_64 | 1.0.1 | 5.65 | 23.20 | 28.85 | OK | |
r-patched-solaris-x86 | 1.0.1 | 57.40 | NOTE | |||
r-release-linux-x86_64 | 1.0.1 | 5.48 | 23.42 | 28.90 | OK | |
r-release-macos-x86_64 | 1.0.1 | NOTE | ||||
r-release-windows-ix86+x86_64 | 1.0.1 | 11.00 | 34.00 | 45.00 | NOTE | |
r-oldrel-macos-x86_64 | 1.0.1 | NOTE | ||||
r-oldrel-windows-ix86+x86_64 | 1.0.1 | 9.00 | 30.00 | 39.00 | NOTE |
Version: 1.0.1
Check: installed package size
Result: NOTE
installed size is 6.0Mb
sub-directories of 1Mb or more:
data 5.9Mb
Flavors: r-devel-linux-x86_64-fedora-clang, r-devel-windows-ix86+x86_64, r-patched-solaris-x86, r-release-macos-x86_64, r-release-windows-ix86+x86_64, r-oldrel-macos-x86_64, r-oldrel-windows-ix86+x86_64