CRAN Package Check Results for Package templates

Last updated on 2018-02-23 04:48:39 CET.

Flavor Version Tinstall Tcheck Ttotal Status Flags
r-devel-linux-x86_64-debian-clang 0.2.0 1.41 31.09 32.50 NOTE
r-devel-linux-x86_64-debian-gcc 0.2.0 1.03 27.12 28.15 NOTE
r-devel-linux-x86_64-fedora-clang 0.2.0 42.78 NOTE
r-devel-linux-x86_64-fedora-gcc 0.2.0 42.29 NOTE
r-devel-windows-ix86+x86_64 0.2.0 7.00 48.00 55.00 OK
r-patched-linux-x86_64 0.2.0 1.64 36.95 38.59 OK
r-patched-solaris-x86 0.2.0 62.20 OK
r-release-linux-x86_64 0.2.0 1.71 36.40 38.11 OK
r-release-windows-ix86+x86_64 0.2.0 7.00 61.00 68.00 OK
r-release-osx-x86_64 0.2.0 OK
r-oldrel-windows-ix86+x86_64 0.2.0 5.00 46.00 51.00 OK
r-oldrel-osx-x86_64 0.2.0 OK

Check Details

Version: 0.2.0
Check: DESCRIPTION meta-information
Result: NOTE
    Dependence on R version ‘3.3.1’ not with patchlevel 0
Flavors: r-devel-linux-x86_64-debian-clang, r-devel-linux-x86_64-debian-gcc, r-devel-linux-x86_64-fedora-clang, r-devel-linux-x86_64-fedora-gcc