CRAN Package Check Results for Package templates

Last updated on 2018-05-22 16:51:39 CEST.

Flavor Version Tinstall Tcheck Ttotal Status Flags
r-devel-linux-x86_64-debian-clang 0.2.0 2.96 39.80 42.76 OK
r-devel-linux-x86_64-debian-gcc 0.2.0 2.01 31.28 33.29 OK
r-devel-linux-x86_64-fedora-clang 0.2.0 51.45 OK
r-devel-linux-x86_64-fedora-gcc 0.2.0 48.39 OK
r-devel-windows-ix86+x86_64 0.2.0 5.00 71.00 76.00 OK
r-patched-linux-x86_64 0.2.0 1.72 33.95 35.67 NOTE
r-patched-solaris-x86 0.2.0 66.50 OK
r-release-linux-x86_64 0.2.0 1.67 34.04 35.71 NOTE
r-release-windows-ix86+x86_64 0.2.0 6.00 70.00 76.00 OK
r-release-osx-x86_64 0.2.0 OK
r-oldrel-windows-ix86+x86_64 0.2.0 6.00 68.00 74.00 OK
r-oldrel-osx-x86_64 0.2.0 OK

Check Details

Version: 0.2.0
Check: DESCRIPTION meta-information
Result: NOTE
    Dependence on R version ‘3.3.1’ not with patchlevel 0
Flavors: r-patched-linux-x86_64, r-release-linux-x86_64