Last updated on 2023-11-29 20:49:57 CET.
Flavor | Version | Tinstall | Tcheck | Ttotal | Status | Flags |
---|---|---|---|---|---|---|
r-devel-linux-x86_64-debian-clang | 1.0.1 | 9.54 | 98.87 | 108.41 | NOTE | |
r-devel-linux-x86_64-debian-gcc | 1.0.1 | 10.40 | 74.34 | 84.74 | NOTE | |
r-devel-linux-x86_64-fedora-clang | 1.0.1 | 146.53 | OK | |||
r-devel-linux-x86_64-fedora-gcc | 1.0.1 | 134.05 | OK | |||
r-devel-windows-x86_64 | 1.0.1 | 11.00 | 87.00 | 98.00 | OK | |
r-patched-linux-x86_64 | 1.0.1 | 13.10 | 97.47 | 110.57 | OK | |
r-release-linux-x86_64 | 1.0.1 | 12.00 | 93.13 | 105.13 | OK | |
r-release-macos-arm64 | 1.0.1 | 40.00 | OK | |||
r-release-macos-x86_64 | 1.0.1 | 130.00 | OK | |||
r-release-windows-x86_64 | 1.0.1 | 15.00 | 109.00 | 124.00 | OK | |
r-oldrel-macos-arm64 | 1.0.1 | 46.00 | OK | |||
r-oldrel-macos-x86_64 | 1.0.1 | 58.00 | OK | |||
r-oldrel-windows-x86_64 | 1.0.1 | 15.00 | 100.00 | 115.00 | OK |
Version: 1.0.1
Check: Rd files
Result: NOTE
checkRd: (-1) tenFM.rank.Rd:31: Lost braces; missing escapes or markup?
31 | \item{penalty}{takes value in {1,2,3,4,5}, decides which penalty function to use for each tesnor mode \eqn{k}. Here \eqn{\nu} is a tuning parameter defined in the argument "\code{delta1}", and \eqn{d=\prod_{i=1}^{K} d_k }.
| ^
Flavors: r-devel-linux-x86_64-debian-clang, r-devel-linux-x86_64-debian-gcc