CRAN Package Check Results for Package testthat

Last updated on 2018-12-18 14:47:41 CET.

Flavor Version Tinstall Tcheck Ttotal Status Flags
r-devel-linux-x86_64-debian-clang 2.0.1 35.21 82.26 117.47 OK
r-devel-linux-x86_64-debian-gcc 2.0.1 31.09 64.27 95.36 OK
r-devel-linux-x86_64-fedora-clang 2.0.1 146.15 NOTE
r-devel-linux-x86_64-fedora-gcc 2.0.1 135.23 OK
r-devel-windows-ix86+x86_64 2.0.1 74.00 116.00 190.00 OK
r-patched-linux-x86_64 2.0.1 34.05 78.42 112.47 OK
r-patched-solaris-x86 2.0.1 89.30 OK
r-release-linux-x86_64 2.0.1 32.26 80.47 112.73 OK
r-release-windows-ix86+x86_64 2.0.1 56.00 122.00 178.00 OK
r-release-osx-x86_64 2.0.1 NOTE
r-oldrel-windows-ix86+x86_64 2.0.1 62.00 119.00 181.00 OK
r-oldrel-osx-x86_64 2.0.1 NOTE

Check Details

Version: 2.0.1
Check: installed package size
Result: NOTE
     installed size is 6.0Mb
     sub-directories of 1Mb or more:
     libs 4.7Mb
Flavors: r-devel-linux-x86_64-fedora-clang, r-release-osx-x86_64, r-oldrel-osx-x86_64