CRAN Package Check Results for Package testthat

Last updated on 2017-05-23 04:49:02.

Flavor Version Tinstall Tcheck Ttotal Status Flags
r-devel-linux-x86_64-debian-clang 1.0.2 12.89 38.92 51.81 NOTE
r-devel-linux-x86_64-debian-gcc 1.0.2 12.85 39.59 52.44 NOTE
r-devel-linux-x86_64-fedora-clang 1.0.2 101.56 NOTE --no-stop-on-test-error
r-devel-linux-x86_64-fedora-gcc 1.0.2 92.95 NOTE --no-stop-on-test-error
r-devel-windows-ix86+x86_64 1.0.2 56.00 66.00 122.00 OK
r-patched-linux-x86_64 1.0.2 12.37 38.39 50.76 NOTE
r-patched-solaris-sparc 1.0.2 256.30 OK
r-patched-solaris-x86 1.0.2 53.90 OK
r-release-linux-x86_64 1.0.2 12.35 38.23 50.58 NOTE
r-release-windows-ix86+x86_64 1.0.2 42.00 89.00 131.00 OK
r-release-osx-x86_64 1.0.2 NOTE
r-oldrel-windows-ix86+x86_64 1.0.2 56.00 79.00 135.00 OK
r-oldrel-osx-x86_64 1.0.2 OK

Additional issues

clang-UBSAN

Check Details

Version: 1.0.2
Check: compiled code
Result: NOTE
    File ‘testthat/libs/testthat.so’:
     Found no calls to: ‘R_registerRoutines’, ‘R_useDynamicSymbols’
    
    It is good practice to register native routines and to disable symbol
    search.
    
    See ‘Writing portable packages’ in the ‘Writing R Extensions’ manual.
Flavors: r-devel-linux-x86_64-debian-clang, r-devel-linux-x86_64-debian-gcc, r-patched-linux-x86_64, r-release-linux-x86_64

Version: 1.0.2
Flags: --no-stop-on-test-error
Check: compiled code
Result: NOTE
    File ‘testthat/libs/testthat.so’:
     Found no calls to: ‘R_registerRoutines’, ‘R_useDynamicSymbols’
    
    It is good practice to register native routines and to disable symbol
    search.
    
    See ‘Writing portable packages’ in the ‘Writing R Extensions’ manual.
Flavors: r-devel-linux-x86_64-fedora-clang, r-devel-linux-x86_64-fedora-gcc

Version: 1.0.2
Check: package dependencies
Result: NOTE
    Package suggested but not available for checking: ‘devtools’
Flavor: r-release-osx-x86_64

Version: 1.0.2
Check: installed package size
Result: NOTE
     installed size is 5.0Mb
     sub-directories of 1Mb or more:
     libs 4.4Mb
Flavor: r-release-osx-x86_64