CRAN Package Check Results for Package testthat

Last updated on 2017-06-25 19:48:48.

Flavor Version Tinstall Tcheck Ttotal Status Flags
r-devel-linux-x86_64-debian-clang 1.0.2 12.21 39.66 51.87 NOTE
r-devel-linux-x86_64-debian-gcc 1.0.2 13.16 39.23 52.40 NOTE
r-devel-linux-x86_64-fedora-clang 1.0.2 101.41 NOTE
r-devel-linux-x86_64-fedora-gcc 1.0.2 94.72 NOTE
r-devel-windows-ix86+x86_64 1.0.2 56.00 70.00 126.00 OK
r-patched-linux-x86_64 1.0.2 12.33 38.17 50.50 NOTE
r-patched-solaris-sparc 1.0.2 256.30 OK
r-patched-solaris-x86 1.0.2 56.30 OK
r-release-linux-x86_64 1.0.2 13.42 38.99 52.41 NOTE
r-release-windows-ix86+x86_64 1.0.2 67.00 85.00 152.00 OK
r-release-osx-x86_64 1.0.2 NOTE
r-oldrel-windows-ix86+x86_64 1.0.2 42.00 75.00 117.00 OK
r-oldrel-osx-x86_64 1.0.2 OK

Additional issues

clang-UBSAN

Check Details

Version: 1.0.2
Check: compiled code
Result: NOTE
    File ‘testthat/libs/testthat.so’:
     Found no calls to: ‘R_registerRoutines’, ‘R_useDynamicSymbols’
    
    It is good practice to register native routines and to disable symbol
    search.
    
    See ‘Writing portable packages’ in the ‘Writing R Extensions’ manual.
Flavors: r-devel-linux-x86_64-debian-clang, r-devel-linux-x86_64-debian-gcc, r-devel-linux-x86_64-fedora-clang, r-devel-linux-x86_64-fedora-gcc, r-patched-linux-x86_64, r-release-linux-x86_64

Version: 1.0.2
Check: package dependencies
Result: NOTE
    Package suggested but not available for checking: ‘devtools’
Flavor: r-release-osx-x86_64

Version: 1.0.2
Check: installed package size
Result: NOTE
     installed size is 5.0Mb
     sub-directories of 1Mb or more:
     libs 4.4Mb
Flavor: r-release-osx-x86_64