CRAN Package Check Results for Package testthat

Last updated on 2018-07-17 13:47:39 CEST.

Flavor Version Tinstall Tcheck Ttotal Status Flags
r-devel-linux-x86_64-debian-clang 2.0.0 31.71 75.72 107.43 NOTE
r-devel-linux-x86_64-debian-gcc 2.0.0 25.29 59.12 84.41 NOTE
r-devel-linux-x86_64-fedora-clang 2.0.0 133.93 NOTE
r-devel-linux-x86_64-fedora-gcc 2.0.0 126.39 NOTE
r-devel-windows-ix86+x86_64 2.0.0 70.00 83.00 153.00 NOTE
r-patched-linux-x86_64 2.0.0 28.58 74.01 102.59 NOTE
r-patched-solaris-x86 2.0.0 82.10 OK
r-release-linux-x86_64 2.0.0 28.63 74.03 102.66 NOTE
r-release-windows-ix86+x86_64 2.0.0 74.00 109.00 183.00 NOTE
r-release-osx-x86_64 2.0.0 NOTE
r-oldrel-windows-ix86+x86_64 2.0.0 42.00 78.00 120.00 OK
r-oldrel-osx-x86_64 2.0.0 NOTE

Check Details

Version: 2.0.0
Check: pragmas in C/C++ headers and code
Result: NOTE
    File which contains pragma(s) suppressing diagnostics:
     ‘inst/include/testthat/vendor/catch.h’
Flavors: r-devel-linux-x86_64-debian-clang, r-devel-linux-x86_64-debian-gcc, r-devel-linux-x86_64-fedora-clang, r-devel-linux-x86_64-fedora-gcc, r-devel-windows-ix86+x86_64, r-patched-linux-x86_64, r-release-linux-x86_64, r-release-windows-ix86+x86_64

Version: 2.0.0
Check: installed package size
Result: NOTE
     installed size is 5.8Mb
     sub-directories of 1Mb or more:
     libs 4.5Mb
Flavors: r-devel-linux-x86_64-fedora-clang, r-release-osx-x86_64, r-oldrel-osx-x86_64