CRAN Package Check Results for Package testthat

Last updated on 2018-04-24 19:54:47 CEST.

Flavor Version Tinstall Tcheck Ttotal Status Flags
r-devel-linux-x86_64-debian-clang 2.0.0 30.53 73.88 104.41 NOTE
r-devel-linux-x86_64-debian-gcc 2.0.0 27.54 57.56 85.10 NOTE
r-devel-linux-x86_64-fedora-clang 2.0.0 131.91 NOTE
r-devel-linux-x86_64-fedora-gcc 2.0.0 119.91 NOTE
r-devel-windows-ix86+x86_64 2.0.0 73.00 82.00 155.00 NOTE
r-patched-linux-x86_64 2.0.0 31.47 74.35 105.82 NOTE
r-patched-solaris-x86 2.0.0 86.00 OK
r-release-linux-x86_64 2.0.0 30.37 73.95 104.32 NOTE
r-release-windows-ix86+x86_64 2.0.0 73.00 82.00 155.00 NOTE
r-release-osx-x86_64 2.0.0 NOTE
r-oldrel-windows-ix86+x86_64 2.0.0 48.00 91.00 139.00 OK
r-oldrel-osx-x86_64 2.0.0 NOTE

Check Details

Version: 2.0.0
Check: pragmas in C/C++ headers and code
Result: NOTE
    File which contains pragma(s) suppressing diagnostics:
     ‘inst/include/testthat/vendor/catch.h’
Flavors: r-devel-linux-x86_64-debian-clang, r-devel-linux-x86_64-debian-gcc, r-devel-linux-x86_64-fedora-clang, r-devel-linux-x86_64-fedora-gcc, r-devel-windows-ix86+x86_64, r-patched-linux-x86_64, r-release-linux-x86_64, r-release-windows-ix86+x86_64

Version: 2.0.0
Check: installed package size
Result: NOTE
     installed size is 5.7Mb
     sub-directories of 1Mb or more:
     libs 4.4Mb
Flavors: r-devel-linux-x86_64-fedora-clang, r-devel-linux-x86_64-fedora-gcc, r-release-osx-x86_64, r-oldrel-osx-x86_64