CRAN Package Check Results for Package testthat

Last updated on 2018-09-25 09:47:35 CEST.

Flavor Version Tinstall Tcheck Ttotal Status Flags
r-devel-linux-x86_64-debian-clang 2.0.0 29.60 76.38 105.98 NOTE
r-devel-linux-x86_64-debian-gcc 2.0.0 29.47 60.82 90.29 NOTE
r-devel-linux-x86_64-fedora-clang 2.0.0 140.52 NOTE
r-devel-linux-x86_64-fedora-gcc 2.0.0 132.76 WARN
r-devel-windows-ix86+x86_64 2.0.0 74.00 91.00 165.00 NOTE
r-patched-linux-x86_64 2.0.0 33.49 72.65 106.14 NOTE
r-patched-solaris-x86 2.0.0 80.20 OK
r-release-linux-x86_64 2.0.0 35.04 75.14 110.18 NOTE
r-release-windows-ix86+x86_64 2.0.0 58.00 107.00 165.00 NOTE
r-release-osx-x86_64 2.0.0 NOTE
r-oldrel-windows-ix86+x86_64 2.0.0 44.00 116.00 160.00 OK
r-oldrel-osx-x86_64 2.0.0 NOTE

Check Details

Version: 2.0.0
Check: pragmas in C/C++ headers and code
Result: NOTE
    File which contains pragma(s) suppressing diagnostics:
     ‘inst/include/testthat/vendor/catch.h’
Flavors: r-devel-linux-x86_64-debian-clang, r-devel-linux-x86_64-debian-gcc, r-devel-linux-x86_64-fedora-clang, r-devel-linux-x86_64-fedora-gcc, r-devel-windows-ix86+x86_64, r-patched-linux-x86_64, r-release-linux-x86_64, r-release-windows-ix86+x86_64

Version: 2.0.0
Check: installed package size
Result: NOTE
     installed size is 5.9Mb
     sub-directories of 1Mb or more:
     libs 4.7Mb
Flavors: r-devel-linux-x86_64-fedora-clang, r-release-osx-x86_64, r-oldrel-osx-x86_64

Version: 2.0.0
Check: whether package can be installed
Result: WARN
    Found the following significant warnings:
     test-catch.cpp:56:34: warning: catching polymorphic type ‘class std::exception’ by value [-Wcatch-value=]
     test-catch.cpp:57:34: warning: catching polymorphic type ‘class std::logic_error’ by value [-Wcatch-value=]
Flavor: r-devel-linux-x86_64-fedora-gcc