CRAN Package Check Results for Package testthat

Last updated on 2018-01-24 01:46:46 CET.

Flavor Version Tinstall Tcheck Ttotal Status Flags
r-devel-linux-x86_64-debian-clang 2.0.0 18.73 78.99 97.72 NOTE
r-devel-linux-x86_64-debian-gcc 2.0.0 16.28 60.76 77.04 NOTE
r-devel-linux-x86_64-fedora-clang 2.0.0 123.27 NOTE
r-devel-linux-x86_64-fedora-gcc 2.0.0 109.38 NOTE
r-devel-windows-ix86+x86_64 2.0.0 57.00 94.00 151.00 NOTE
r-patched-linux-x86_64 2.0.0 19.40 75.92 95.32 OK
r-patched-solaris-x86 2.0.0 74.50 OK
r-release-linux-x86_64 2.0.0 19.52 74.67 94.19 OK
r-release-windows-ix86+x86_64 2.0.0 47.00 131.00 178.00 OK
r-release-osx-x86_64 2.0.0 NOTE
r-oldrel-windows-ix86+x86_64 2.0.0 57.00 87.00 144.00 OK
r-oldrel-osx-x86_64 2.0.0 OK

Check Details

Version: 2.0.0
Check: pragmas in C/C++ headers and code
Result: NOTE
    File which contains pragma(s) suppressing diagnostics:
     ‘inst/include/testthat/vendor/catch.h’
Flavors: r-devel-linux-x86_64-debian-clang, r-devel-linux-x86_64-debian-gcc, r-devel-linux-x86_64-fedora-clang, r-devel-linux-x86_64-fedora-gcc, r-devel-windows-ix86+x86_64

Version: 2.0.0
Check: installed package size
Result: NOTE
     installed size is 5.3Mb
     sub-directories of 1Mb or more:
     libs 4.4Mb
Flavors: r-devel-linux-x86_64-fedora-clang, r-release-osx-x86_64