Last updated on 2022-08-10 05:55:03 CEST.
Flavor | Version | Tinstall | Tcheck | Ttotal | Status | Flags |
---|---|---|---|---|---|---|
r-devel-linux-x86_64-debian-clang | 0.1.21 | 6.47 | 66.39 | 72.86 | NOTE | |
r-devel-linux-x86_64-debian-gcc | 0.1.21 | 5.65 | 49.18 | 54.83 | NOTE | |
r-devel-linux-x86_64-fedora-clang | 0.1.21 | 97.33 | NOTE | |||
r-devel-linux-x86_64-fedora-gcc | 0.1.21 | 95.04 | NOTE | |||
r-devel-windows-x86_64 | 0.1.21 | 23.00 | 94.00 | 117.00 | NOTE | |
r-patched-linux-x86_64 | 0.1.21 | 5.42 | 62.59 | 68.01 | NOTE | |
r-release-linux-x86_64 | 0.1.21 | NOTE | ||||
r-release-macos-arm64 | 0.1.21 | 29.00 | NOTE | |||
r-release-macos-x86_64 | 0.1.21 | 50.00 | NOTE | |||
r-release-windows-x86_64 | 0.1.21 | 19.00 | 99.00 | 118.00 | NOTE | |
r-oldrel-macos-arm64 | 0.1.21 | 29.00 | NOTE | |||
r-oldrel-macos-x86_64 | 0.1.21 | 51.00 | NOTE | |||
r-oldrel-windows-ix86+x86_64 | 0.1.21 | 21.00 | 87.00 | 108.00 | NOTE |
Version: 0.1.21
Check: LazyData
Result: NOTE
'LazyData' is specified without a 'data' directory
Flavors: r-devel-linux-x86_64-debian-clang, r-devel-linux-x86_64-debian-gcc, r-devel-linux-x86_64-fedora-clang, r-devel-linux-x86_64-fedora-gcc, r-devel-windows-x86_64, r-patched-linux-x86_64, r-release-linux-x86_64, r-release-macos-arm64, r-release-macos-x86_64, r-release-windows-x86_64, r-oldrel-macos-arm64, r-oldrel-macos-x86_64, r-oldrel-windows-ix86+x86_64