Last updated on 2021-01-19 14:47:17 CET.
Flavor | Version | Tinstall | Tcheck | Ttotal | Status | Flags |
---|---|---|---|---|---|---|
r-devel-linux-x86_64-debian-clang | 1.37.5 | 20.86 | 140.05 | 160.91 | OK | |
r-devel-linux-x86_64-debian-gcc | 1.37.5 | 14.15 | 107.00 | 121.15 | OK | |
r-devel-linux-x86_64-fedora-clang | 1.37.5 | 216.00 | NOTE | |||
r-devel-linux-x86_64-fedora-gcc | 1.37.5 | 207.36 | OK | |||
r-devel-windows-ix86+x86_64 | 1.37.5 | 26.00 | 136.00 | 162.00 | OK | |
r-patched-linux-x86_64 | 1.37.5 | 13.13 | 131.40 | 144.53 | OK | |
r-patched-solaris-x86 | 1.37.5 | 229.70 | OK | |||
r-release-linux-x86_64 | 1.37.5 | 20.22 | 131.40 | 151.62 | OK | |
r-release-macos-x86_64 | 1.37.5 | NOTE | ||||
r-release-windows-ix86+x86_64 | 1.37.5 | 24.00 | 133.00 | 157.00 | OK | |
r-oldrel-macos-x86_64 | 1.37.5 | NOTE | ||||
r-oldrel-windows-ix86+x86_64 | 1.37.5 | 17.00 | 107.00 | 124.00 | OK |
Version: 1.37.5
Check: Rd cross-references
Result: NOTE
Undeclared packages ‘h2o’, ‘eha’, ‘mfx’, ‘betareg’, ‘brglm’, ‘censReg’, ‘ergm’, ‘latentnet’, ‘fGarch’, ‘gee’, ‘geepack’, ‘gmm’, ‘robustbase’, ‘gnm’, ‘pscl’, ‘robust’, ‘sna’, ‘lqmm’, ‘rms’, ‘erer’, ‘mhurdle’, ‘oglmx’, ‘panelAR’, ‘pglm’, ‘relevent’, ‘quantreg’, ‘spatialreg’, ‘sampleSelection’, ‘RSiena’, ‘simex’, ‘tergm’, ‘survey’, ‘systemfit’, ‘metaSEM’ in Rd xrefs
Flavor: r-devel-linux-x86_64-fedora-clang
Version: 1.37.5
Check: package dependencies
Result: NOTE
Package which this enhances but not available for checking: ‘Zelig’
Flavor: r-release-macos-x86_64
Version: 1.37.5
Check: Rd cross-references
Result: NOTE
Unknown package ‘Zelig’ in Rd xrefs
Flavor: r-release-macos-x86_64
Version: 1.37.5
Check: dependencies in R code
Result: NOTE
No protocol specified
No protocol specified
Flavor: r-oldrel-macos-x86_64