CRAN Package Check Results for Package text2map

Last updated on 2022-05-19 23:55:29 CEST.

Flavor Version Tinstall Tcheck Ttotal Status Flags
r-devel-linux-x86_64-debian-clang 0.1.4 18.02 186.30 204.32 OK
r-devel-linux-x86_64-debian-gcc 0.1.4 15.99 139.11 155.10 OK
r-devel-linux-x86_64-fedora-clang 0.1.4 246.77 NOTE
r-devel-linux-x86_64-fedora-gcc 0.1.4 251.63 NOTE
r-devel-windows-x86_64 0.1.4 42.00 203.00 245.00 OK
r-patched-linux-x86_64 0.1.4 16.33 174.08 190.41 OK
r-release-linux-x86_64 0.1.4 13.13 174.92 188.05 OK
r-release-macos-arm64 0.1.4 71.00 NOTE
r-release-macos-x86_64 0.1.4 117.00 NOTE
r-release-windows-x86_64 0.1.4 54.00 207.00 261.00 OK
r-oldrel-macos-arm64 0.1.4 60.00 NOTE
r-oldrel-macos-x86_64 0.1.4 90.00 NOTE
r-oldrel-windows-ix86+x86_64 0.1.4 43.00 193.00 236.00 OK

Check Details

Version: 0.1.4
Check: data for non-ASCII characters
Result: NOTE
     Note: found 3 marked UTF-8 strings
Flavors: r-devel-linux-x86_64-fedora-clang, r-devel-linux-x86_64-fedora-gcc, r-release-macos-arm64, r-release-macos-x86_64, r-oldrel-macos-arm64, r-oldrel-macos-x86_64