CRAN Package Check Results for Package text2speech

Last updated on 2020-02-24 14:48:19 CET.

Flavor Version Tinstall Tcheck Ttotal Status Flags
r-devel-linux-x86_64-debian-clang 0.2.10 2.69 28.24 30.93 NOTE
r-devel-linux-x86_64-debian-gcc 0.2.10 2.06 22.33 24.39 NOTE
r-devel-linux-x86_64-fedora-clang 0.2.10 41.98 NOTE
r-devel-linux-x86_64-fedora-gcc 0.2.10 37.24 NOTE
r-devel-windows-ix86+x86_64 0.2.10 8.00 45.00 53.00 OK
r-devel-windows-ix86+x86_64-gcc8 0.2.10 17.00 59.00 76.00 OK
r-patched-linux-x86_64 0.2.10 NOTE
r-patched-solaris-x86 0.2.10 56.40 NOTE
r-release-linux-x86_64 0.2.10 1.97 25.59 27.56 NOTE
r-release-windows-ix86+x86_64 0.2.10 5.00 42.00 47.00 OK
r-release-osx-x86_64 0.2.10 OK
r-oldrel-windows-ix86+x86_64 0.2.10 3.00 43.00 46.00 OK
r-oldrel-osx-x86_64 0.2.10 OK

Check Details

Version: 0.2.10
Check: package dependencies
Result: NOTE
    Package suggested but not available for checking: 'aws.polly'
Flavors: r-devel-linux-x86_64-debian-clang, r-devel-linux-x86_64-debian-gcc, r-devel-linux-x86_64-fedora-clang, r-devel-linux-x86_64-fedora-gcc, r-patched-linux-x86_64, r-patched-solaris-x86, r-release-linux-x86_64