CRAN Package Check Results for Package textcat

Last updated on 2022-10-01 11:49:41 CEST.

Flavor Version Tinstall Tcheck Ttotal Status Flags
r-devel-linux-x86_64-debian-clang 1.0-7 2.48 25.93 28.41 OK
r-devel-linux-x86_64-debian-gcc 1.0-7 1.98 20.34 22.32 OK
r-devel-linux-x86_64-fedora-clang 1.0-7 48.64 NOTE
r-devel-linux-x86_64-fedora-gcc 1.0-7 46.00 NOTE
r-devel-windows-x86_64 1.0-7 10.00 53.00 63.00 OK
r-patched-linux-x86_64 1.0-7 2.91 25.12 28.03 OK
r-release-linux-x86_64 1.0-7 2.56 24.50 27.06 OK
r-release-macos-arm64 1.0-7 16.00 NOTE
r-release-macos-x86_64 1.0-7 23.00 NOTE
r-release-windows-x86_64 1.0-7 8.00 49.00 57.00 OK
r-oldrel-macos-arm64 1.0-7 17.00 NOTE
r-oldrel-macos-x86_64 1.0-7 28.00 NOTE
r-oldrel-windows-ix86+x86_64 1.0-7 6.00 49.00 55.00 OK

Check Details

Version: 1.0-7
Check: Rd cross-references
Result: NOTE
    Undeclared package ‘NLP’ in Rd xrefs
Flavor: r-devel-linux-x86_64-fedora-clang

Version: 1.0-7
Check: data for non-ASCII characters
Result: NOTE
     Note: found 10051 marked UTF-8 strings
     Note: found 10523 strings marked as "bytes"
Flavors: r-devel-linux-x86_64-fedora-clang, r-devel-linux-x86_64-fedora-gcc, r-release-macos-arm64, r-release-macos-x86_64, r-oldrel-macos-arm64, r-oldrel-macos-x86_64