CRAN Package Check Results for Package textdata

Last updated on 2021-05-09 20:47:51 CEST.

Flavor Version Tinstall Tcheck Ttotal Status Flags
r-devel-linux-x86_64-debian-clang 0.4.1 4.69 40.42 45.11 NOTE
r-devel-linux-x86_64-debian-gcc 0.4.1 3.69 31.36 35.05 NOTE
r-devel-linux-x86_64-fedora-clang 0.4.1 64.12 NOTE
r-devel-linux-x86_64-fedora-gcc 0.4.1 53.44 NOTE
r-devel-windows-ix86+x86_64 0.4.1 21.00 59.00 80.00 NOTE
r-devel-windows-x86_64-gcc10-UCRT 0.4.1 NOTE
r-patched-linux-x86_64 0.4.1 5.09 38.46 43.55 NOTE
r-patched-solaris-x86 0.4.1 79.40 NOTE
r-release-linux-x86_64 0.4.1 5.06 38.50 43.56 OK
r-release-macos-x86_64 0.4.1 OK
r-release-windows-ix86+x86_64 0.4.1 8.00 48.00 56.00 OK
r-oldrel-macos-x86_64 0.4.1 OK
r-oldrel-windows-ix86+x86_64 0.4.1 8.00 55.00 63.00 OK

Check Details

Version: 0.4.1
Check: LazyData
Result: NOTE
     'LazyData' is specified without a 'data' directory
Flavors: r-devel-linux-x86_64-debian-clang, r-devel-linux-x86_64-debian-gcc, r-devel-linux-x86_64-fedora-clang, r-devel-linux-x86_64-fedora-gcc, r-devel-windows-ix86+x86_64, r-devel-windows-x86_64-gcc10-UCRT, r-patched-linux-x86_64, r-patched-solaris-x86