Last updated on 2022-05-28 22:55:21 CEST.
Flavor | Version | Tinstall | Tcheck | Ttotal | Status | Flags |
---|---|---|---|---|---|---|
r-devel-linux-x86_64-debian-clang | 1.0.1 | 2.70 | 36.92 | 39.62 | NOTE | |
r-devel-linux-x86_64-debian-gcc | 1.0.1 | 2.15 | 28.54 | 30.69 | NOTE | |
r-devel-linux-x86_64-fedora-clang | 1.0.1 | 47.05 | NOTE | |||
r-devel-linux-x86_64-fedora-gcc | 1.0.1 | 36.65 | NOTE | |||
r-devel-windows-x86_64 | 1.0.1 | 22.00 | 57.00 | 79.00 | NOTE | |
r-patched-linux-x86_64 | 1.0.1 | 2.14 | 35.85 | 37.99 | NOTE | |
r-release-linux-x86_64 | 1.0.1 | 2.49 | 35.84 | 38.33 | NOTE | |
r-release-macos-arm64 | 1.0.1 | 17.00 | NOTE | |||
r-release-macos-x86_64 | 1.0.1 | 22.00 | NOTE | |||
r-release-windows-x86_64 | 1.0.1 | 25.00 | 59.00 | 84.00 | NOTE | |
r-oldrel-macos-arm64 | 1.0.1 | 20.00 | NOTE | |||
r-oldrel-macos-x86_64 | 1.0.1 | 30.00 | NOTE | |||
r-oldrel-windows-ix86+x86_64 | 1.0.1 | 6.00 | 46.00 | 52.00 | NOTE |
Version: 1.0.1
Check: LazyData
Result: NOTE
'LazyData' is specified without a 'data' directory
Flavors: r-devel-linux-x86_64-debian-clang, r-devel-linux-x86_64-debian-gcc, r-devel-linux-x86_64-fedora-clang, r-devel-linux-x86_64-fedora-gcc, r-devel-windows-x86_64, r-patched-linux-x86_64, r-release-linux-x86_64, r-release-macos-arm64, r-release-macos-x86_64, r-release-windows-x86_64, r-oldrel-macos-arm64, r-oldrel-macos-x86_64, r-oldrel-windows-ix86+x86_64