CRAN Package Check Results for Package textmineR

Last updated on 2018-02-22 04:48:51 CET.

Flavor Version Tinstall Tcheck Ttotal Status Flags
r-devel-linux-x86_64-debian-clang 2.1 67.54 71.87 139.41 WARN
r-devel-linux-x86_64-debian-gcc 2.1 53.75 61.42 115.17 WARN
r-devel-linux-x86_64-fedora-clang 2.1 206.72 WARN
r-devel-linux-x86_64-fedora-gcc 2.1 192.92 WARN
r-devel-windows-ix86+x86_64 2.1 192.00 1006.00 1198.00 OK
r-patched-linux-x86_64 2.1 72.61 85.21 157.82 WARN
r-patched-solaris-x86 2.1 215.30 WARN
r-release-linux-x86_64 2.1 68.50 84.20 152.70 WARN
r-release-windows-ix86+x86_64 2.1 133.00 874.00 1007.00 OK
r-release-osx-x86_64 2.1 OK
r-oldrel-windows-ix86+x86_64 2.1 137.00 902.00 1039.00 OK
r-oldrel-osx-x86_64 2.0.6 OK

Check Details

Version: 2.1
Check: re-building of vignette outputs
Result: WARN
    Error in re-building vignettes:
     ...
    Quitting from lines 55-81 (a_start_here.Rmd)
    Error: processing vignette ‘a_start_here.Rmd’ failed with diagnostics:
    no stopwords available for 'smart'
    Execution halted
Flavors: r-devel-linux-x86_64-debian-clang, r-devel-linux-x86_64-debian-gcc, r-devel-linux-x86_64-fedora-clang, r-devel-linux-x86_64-fedora-gcc, r-patched-linux-x86_64, r-release-linux-x86_64

Version: 2.1
Check: re-building of vignette outputs
Result: WARN
    Error in re-building vignettes:
     ...
    Warning in engine$weave(file, quiet = quiet, encoding = enc) :
     Pandoc (>= 1.12.3) and/or pandoc-citeproc not available. Falling back to R Markdown v1.
    Quitting from lines 55-81 (a_start_here.Rmd)
    Error: processing vignette 'a_start_here.Rmd' failed with diagnostics:
    no stopwords available for 'smart'
    Execution halted
Flavor: r-patched-solaris-x86