CRAN Package Check Results for Package textmineR

Last updated on 2019-01-23 10:51:44 CET.

Flavor Version Tinstall Tcheck Ttotal Status Flags
r-devel-linux-x86_64-debian-clang 3.0.2 81.59 98.45 180.04 OK --no-vignettes
r-devel-linux-x86_64-debian-gcc 3.0.2 69.38 73.37 142.75 OK --no-vignettes
r-devel-linux-x86_64-fedora-clang 3.0.2 541.75 OK
r-devel-linux-x86_64-fedora-gcc 3.0.2 515.66 OK
r-devel-windows-ix86+x86_64 3.0.2 249.00 557.00 806.00 OK
r-patched-linux-x86_64 3.0.2 91.89 91.60 183.49 OK --no-vignettes
r-patched-solaris-x86 3.0.2 679.00 OK
r-release-linux-x86_64 3.0.2 98.36 90.29 188.65 OK --no-vignettes
r-release-windows-ix86+x86_64 3.0.2 160.00 672.00 832.00 OK
r-release-osx-x86_64 3.0.2 OK
r-oldrel-windows-ix86+x86_64 3.0.2 195.00 641.00 836.00 OK
r-oldrel-osx-x86_64 3.0.1 NOTE

Check Details

Version: 3.0.1
Check: dependencies in R code
Result: NOTE
    Namespace in Imports field not imported from: ‘stopwords’
     All declared Imports should be used.
Flavor: r-oldrel-osx-x86_64