CRAN Package Check Results for Package textreuse

Last updated on 2018-06-18 05:49:36 CEST.

Flavor Version Tinstall Tcheck Ttotal Status Flags
r-devel-linux-x86_64-debian-clang 0.1.4 33.24 44.45 77.69 NOTE
r-devel-linux-x86_64-debian-gcc 0.1.4 26.80 39.81 66.61 NOTE
r-devel-linux-x86_64-fedora-clang 0.1.4 105.54 NOTE
r-devel-linux-x86_64-fedora-gcc 0.1.4 93.63 NOTE
r-devel-windows-ix86+x86_64 0.1.4 86.00 88.00 174.00 OK
r-patched-linux-x86_64 0.1.4 33.50 45.65 79.15 NOTE
r-patched-solaris-x86 0.1.4 120.70 OK
r-release-linux-x86_64 0.1.4 33.44 45.43 78.87 NOTE
r-release-windows-ix86+x86_64 0.1.4 85.00 88.00 173.00 OK
r-release-osx-x86_64 0.1.4 OK
r-oldrel-windows-ix86+x86_64 0.1.4 63.00 119.00 182.00 OK
r-oldrel-osx-x86_64 0.1.4 OK

Check Details

Version: 0.1.4
Check: compiled code
Result: NOTE
    File ‘textreuse/libs/textreuse.so’:
     Found no calls to: ‘R_registerRoutines’, ‘R_useDynamicSymbols’
    
    It is good practice to register native routines and to disable symbol
    search.
    
    See ‘Writing portable packages’ in the ‘Writing R Extensions’ manual.
Flavors: r-devel-linux-x86_64-debian-clang, r-devel-linux-x86_64-debian-gcc, r-devel-linux-x86_64-fedora-clang, r-devel-linux-x86_64-fedora-gcc, r-patched-linux-x86_64, r-release-linux-x86_64