CRAN Package Check Results for Package textreuse

Last updated on 2024-02-25 18:51:40 CET.

Flavor Version Tinstall Tcheck Ttotal Status Flags
r-devel-linux-x86_64-debian-clang 0.1.5 48.97 73.65 122.62 NOTE
r-devel-linux-x86_64-debian-gcc 0.1.5 35.11 57.00 92.11 NOTE
r-devel-linux-x86_64-fedora-clang 0.1.5 170.45 NOTE
r-devel-linux-x86_64-fedora-gcc 0.1.5 172.57 NOTE
r-devel-windows-x86_64 0.1.5 38.00 101.00 139.00 NOTE
r-patched-linux-x86_64 0.1.5 32.57 71.45 104.02 NOTE
r-release-linux-x86_64 0.1.5 33.34 72.89 106.23 NOTE
r-release-macos-arm64 0.1.5 60.00 NOTE
r-release-macos-x86_64 0.1.5 88.00 NOTE
r-release-windows-x86_64 0.1.5 48.00 114.00 162.00 NOTE
r-oldrel-macos-arm64 0.1.5 46.00 NOTE
r-oldrel-windows-x86_64 0.1.5 48.00 114.00 162.00 NOTE

Check Details

Version: 0.1.5
Check: LazyData
Result: NOTE 'LazyData' is specified without a 'data' directory Flavors: r-devel-linux-x86_64-debian-clang, r-devel-linux-x86_64-debian-gcc, r-devel-linux-x86_64-fedora-clang, r-devel-linux-x86_64-fedora-gcc, r-devel-windows-x86_64, r-patched-linux-x86_64, r-release-linux-x86_64, r-release-macos-arm64, r-release-macos-x86_64, r-release-windows-x86_64, r-oldrel-macos-arm64, r-oldrel-windows-x86_64

Version: 0.1.5
Check: Rd cross-references
Result: NOTE Undeclared package ‘tm’ in Rd xrefs Flavor: r-devel-linux-x86_64-fedora-clang