CRAN Package Check Results for Package textreuse

Last updated on 2017-06-27 00:46:52.

Flavor Version Tinstall Tcheck Ttotal Status Flags
r-devel-linux-x86_64-debian-clang 0.1.4 20.05 33.61 53.66 NOTE
r-devel-linux-x86_64-debian-gcc 0.1.4 19.53 32.06 51.59 NOTE
r-devel-linux-x86_64-fedora-clang 0.1.4 109.06 NOTE
r-devel-linux-x86_64-fedora-gcc 0.1.4 95.53 NOTE
r-devel-windows-ix86+x86_64 0.1.4 84.00 124.00 208.00 OK
r-patched-linux-x86_64 0.1.4 19.36 33.60 52.96 NOTE
r-patched-solaris-sparc 0.1.4 513.80 OK
r-patched-solaris-x86 0.1.4 115.90 OK
r-release-linux-x86_64 0.1.4 19.50 33.11 52.61 NOTE
r-release-windows-ix86+x86_64 0.1.4 68.00 128.00 196.00 OK
r-release-osx-x86_64 0.1.4 OK
r-oldrel-windows-ix86+x86_64 0.1.4 75.00 102.00 177.00 OK
r-oldrel-osx-x86_64 0.1.4 OK

Check Details

Version: 0.1.4
Check: compiled code
Result: NOTE
    File ‘textreuse/libs/textreuse.so’:
     Found no calls to: ‘R_registerRoutines’, ‘R_useDynamicSymbols’
    
    It is good practice to register native routines and to disable symbol
    search.
    
    See ‘Writing portable packages’ in the ‘Writing R Extensions’ manual.
Flavors: r-devel-linux-x86_64-debian-clang, r-devel-linux-x86_64-debian-gcc, r-devel-linux-x86_64-fedora-clang, r-devel-linux-x86_64-fedora-gcc, r-patched-linux-x86_64, r-release-linux-x86_64