Last updated on 2022-05-21 16:49:15 CEST.
Flavor | Version | Tinstall | Tcheck | Ttotal | Status | Flags |
---|---|---|---|---|---|---|
r-devel-linux-x86_64-debian-clang | 0.1.5 | 40.41 | 69.95 | 110.36 | NOTE | |
r-devel-linux-x86_64-debian-gcc | 0.1.5 | 31.68 | 54.12 | 85.80 | NOTE | |
r-devel-linux-x86_64-fedora-clang | 0.1.5 | 154.54 | NOTE | |||
r-devel-linux-x86_64-fedora-gcc | 0.1.5 | 136.39 | NOTE | |||
r-devel-windows-x86_64 | 0.1.5 | 91.00 | 120.00 | 211.00 | NOTE | |
r-patched-linux-x86_64 | 0.1.5 | 35.56 | 67.62 | 103.18 | NOTE | |
r-release-linux-x86_64 | 0.1.5 | 27.39 | 68.43 | 95.82 | NOTE | |
r-release-macos-arm64 | 0.1.5 | 46.00 | NOTE | |||
r-release-macos-x86_64 | 0.1.5 | 73.00 | NOTE | |||
r-release-windows-x86_64 | 0.1.5 | 88.00 | 121.00 | 209.00 | NOTE | |
r-oldrel-macos-arm64 | 0.1.5 | 49.00 | NOTE | |||
r-oldrel-macos-x86_64 | 0.1.5 | 80.00 | NOTE | |||
r-oldrel-windows-ix86+x86_64 | 0.1.5 | 105.00 | 130.00 | 235.00 | NOTE |
Version: 0.1.5
Check: LazyData
Result: NOTE
'LazyData' is specified without a 'data' directory
Flavors: r-devel-linux-x86_64-debian-clang, r-devel-linux-x86_64-debian-gcc, r-devel-linux-x86_64-fedora-clang, r-devel-linux-x86_64-fedora-gcc, r-devel-windows-x86_64, r-patched-linux-x86_64, r-release-linux-x86_64, r-release-macos-arm64, r-release-macos-x86_64, r-release-windows-x86_64, r-oldrel-macos-arm64, r-oldrel-macos-x86_64, r-oldrel-windows-ix86+x86_64
Version: 0.1.5
Check: Rd cross-references
Result: NOTE
Undeclared package ‘tm’ in Rd xrefs
Flavor: r-devel-linux-x86_64-fedora-clang
Version: 0.1.5
Check: installed package size
Result: NOTE
installed size is 5.3Mb
sub-directories of 1Mb or more:
extdata 2.9Mb
libs 2.1Mb
Flavor: r-oldrel-windows-ix86+x86_64