CRAN Package Check Results for Package textreuse

Last updated on 2018-09-22 17:48:10 CEST.

Flavor Version Tinstall Tcheck Ttotal Status Flags
r-devel-linux-x86_64-debian-clang 0.1.4 33.26 50.53 83.79 OK
r-devel-linux-x86_64-debian-gcc 0.1.4 27.90 40.37 68.27 OK
r-devel-linux-x86_64-fedora-clang 0.1.4 114.27 NOTE
r-devel-linux-x86_64-fedora-gcc 0.1.4 102.15 NOTE
r-devel-windows-ix86+x86_64 0.1.4 92.00 91.00 183.00 OK
r-patched-linux-x86_64 0.1.4 35.48 45.01 80.49 OK
r-patched-solaris-x86 0.1.4 118.10 OK
r-release-linux-x86_64 0.1.4 37.22 45.98 83.20 OK
r-release-windows-ix86+x86_64 0.1.4 67.00 116.00 183.00 OK
r-release-osx-x86_64 0.1.4 OK
r-oldrel-windows-ix86+x86_64 0.1.4 64.00 137.00 201.00 OK
r-oldrel-osx-x86_64 0.1.4 OK

Check Details

Version: 0.1.4
Check: compiled code
Result: NOTE
    File ‘textreuse/libs/textreuse.so’:
     Found no calls to: ‘R_registerRoutines’, ‘R_useDynamicSymbols’
    
    It is good practice to register native routines and to disable symbol
    search.
    
    See ‘Writing portable packages’ in the ‘Writing R Extensions’ manual.
Flavors: r-devel-linux-x86_64-fedora-clang, r-devel-linux-x86_64-fedora-gcc