CRAN Package Check Results for Package textreuse

Last updated on 2017-12-17 22:49:17 CET.

Flavor Version Tinstall Tcheck Ttotal Status Flags
r-devel-linux-x86_64-debian-clang 0.1.4 26.69 68.28 94.97 NOTE
r-devel-linux-x86_64-debian-gcc NOTE
r-devel-linux-x86_64-fedora-clang 0.1.4 124.81 NOTE
r-devel-linux-x86_64-fedora-gcc 0.1.4 113.12 NOTE
r-devel-windows-ix86+x86_64 0.1.4 62.00 118.00 180.00 OK
r-patched-linux-x86_64 0.1.4 27.84 68.36 96.20 NOTE
r-patched-solaris-x86 0.1.4 137.80 OK
r-release-linux-x86_64 0.1.4 28.70 68.80 97.50 NOTE
r-release-windows-ix86+x86_64 0.1.4 64.00 107.00 171.00 OK
r-release-osx-x86_64 0.1.4 OK
r-oldrel-windows-ix86+x86_64 0.1.4 63.00 139.00 202.00 OK
r-oldrel-osx-x86_64 0.1.4 OK

Check Details

Version: 0.1.4
Check: compiled code
Result: NOTE
    File ‘textreuse/libs/textreuse.so’:
     Found no calls to: ‘R_registerRoutines’, ‘R_useDynamicSymbols’
    
    It is good practice to register native routines and to disable symbol
    search.
    
    See ‘Writing portable packages’ in the ‘Writing R Extensions’ manual.
Flavors: r-devel-linux-x86_64-debian-clang, r-devel-linux-x86_64-debian-gcc, r-devel-linux-x86_64-fedora-clang, r-devel-linux-x86_64-fedora-gcc, r-patched-linux-x86_64, r-release-linux-x86_64