CRAN Package Check Results for Package textreuse

Last updated on 2017-08-20 10:46:48.

Flavor Version Tinstall Tcheck Ttotal Status Flags
r-devel-linux-x86_64-debian-clang 0.1.4 20.08 35.57 55.66 NOTE
r-devel-linux-x86_64-debian-gcc 0.1.4 19.81 33.10 52.92 NOTE
r-devel-linux-x86_64-fedora-clang 0.1.4 105.84 NOTE
r-devel-linux-x86_64-fedora-gcc 0.1.4 97.09 NOTE
r-devel-windows-ix86+x86_64 0.1.4 60.00 86.00 146.00 OK
r-patched-linux-x86_64 0.1.4 19.46 34.72 54.17 NOTE
r-patched-solaris-x86 0.1.4 117.60 OK
r-release-linux-x86_64 0.1.4 19.73 34.24 53.96 NOTE
r-release-windows-ix86+x86_64 0.1.4 81.00 93.00 174.00 OK
r-release-osx-x86_64 0.1.4 OK
r-oldrel-windows-ix86+x86_64 0.1.4 62.00 74.00 136.00 OK
r-oldrel-osx-x86_64 0.1.4 OK

Check Details

Version: 0.1.4
Check: compiled code
Result: NOTE
    File ‘textreuse/libs/textreuse.so’:
     Found no calls to: ‘R_registerRoutines’, ‘R_useDynamicSymbols’
    
    It is good practice to register native routines and to disable symbol
    search.
    
    See ‘Writing portable packages’ in the ‘Writing R Extensions’ manual.
Flavors: r-devel-linux-x86_64-debian-clang, r-devel-linux-x86_64-debian-gcc, r-devel-linux-x86_64-fedora-clang, r-devel-linux-x86_64-fedora-gcc, r-patched-linux-x86_64, r-release-linux-x86_64