CRAN Package Check Results for Package textreuse

Last updated on 2017-10-19 21:51:59.

Flavor Version Tinstall Tcheck Ttotal Status Flags
r-devel-linux-x86_64-debian-clang 0.1.4 19.86 34.51 54.37 NOTE
r-devel-linux-x86_64-debian-gcc 0.1.4 21.17 36.85 58.02 NOTE
r-devel-linux-x86_64-fedora-clang 0.1.4 111.74 NOTE
r-devel-linux-x86_64-fedora-gcc 0.1.4 100.00 NOTE
r-devel-windows-ix86+x86_64 0.1.4 53.00 78.00 131.00 OK
r-patched-linux-x86_64 0.1.4 19.67 35.03 54.70 NOTE
r-patched-solaris-x86 0.1.4 117.30 OK
r-release-linux-x86_64 0.1.4 19.70 35.78 55.48 NOTE
r-release-windows-ix86+x86_64 0.1.4 84.00 89.00 173.00 OK
r-release-osx-x86_64 0.1.4 OK
r-oldrel-windows-ix86+x86_64 0.1.4 50.00 107.00 157.00 OK
r-oldrel-osx-x86_64 0.1.4 OK

Check Details

Version: 0.1.4
Check: compiled code
Result: NOTE
    File ‘textreuse/libs/textreuse.so’:
     Found no calls to: ‘R_registerRoutines’, ‘R_useDynamicSymbols’
    
    It is good practice to register native routines and to disable symbol
    search.
    
    See ‘Writing portable packages’ in the ‘Writing R Extensions’ manual.
Flavors: r-devel-linux-x86_64-debian-clang, r-devel-linux-x86_64-debian-gcc, r-devel-linux-x86_64-fedora-clang, r-devel-linux-x86_64-fedora-gcc, r-patched-linux-x86_64, r-release-linux-x86_64