CRAN Package Check Results for Package textreuse

Last updated on 2017-04-29 23:50:53.

Flavor Version Tinstall Tcheck Ttotal Status Flags
r-devel-linux-x86_64-debian-clang 0.1.4 19.23 32.97 52.19 NOTE
r-devel-linux-x86_64-debian-gcc 0.1.4 16.73 33.36 50.09 NOTE
r-devel-linux-x86_64-fedora-clang 0.1.4 102.82 NOTE --no-stop-on-test-error
r-devel-linux-x86_64-fedora-gcc 0.1.4 88.34 NOTE --no-stop-on-test-error
r-devel-windows-ix86+x86_64 0.1.4 92.00 111.00 203.00 OK
r-patched-linux-x86_64 0.1.4 14.67 33.46 48.13 NOTE
r-patched-solaris-sparc 0.1.4 513.80 OK
r-patched-solaris-x86 0.1.4 110.70 OK
r-release-linux-x86_64 0.1.4 14.80 33.16 47.96 NOTE
r-release-windows-ix86+x86_64 0.1.4 84.00 118.00 202.00 OK
r-release-osx-x86_64 0.1.4 OK
r-oldrel-windows-ix86+x86_64 0.1.4 80.00 91.00 171.00 OK
r-oldrel-osx-x86_64 0.1.4 OK

Check Details

Version: 0.1.4
Check: compiled code
Result: NOTE
    File ‘textreuse/libs/textreuse.so’:
     Found no calls to: ‘R_registerRoutines’, ‘R_useDynamicSymbols’
    
    It is good practice to register native routines and to disable symbol
    search.
    
    See ‘Writing portable packages’ in the ‘Writing R Extensions’ manual.
Flavors: r-devel-linux-x86_64-debian-clang, r-devel-linux-x86_64-debian-gcc, r-patched-linux-x86_64, r-release-linux-x86_64

Version: 0.1.4
Flags: --no-stop-on-test-error
Check: compiled code
Result: NOTE
    File ‘textreuse/libs/textreuse.so’:
     Found no calls to: ‘R_registerRoutines’, ‘R_useDynamicSymbols’
    
    It is good practice to register native routines and to disable symbol
    search.
    
    See ‘Writing portable packages’ in the ‘Writing R Extensions’ manual.
Flavors: r-devel-linux-x86_64-fedora-clang, r-devel-linux-x86_64-fedora-gcc