CRAN Package Check Results for Package textreuse

Last updated on 2017-03-27 05:48:21.

Flavor Version Tinstall Tcheck Ttotal Status Flags
r-devel-linux-x86_64-debian-clang 0.1.4 18.81 34.38 53.20 NOTE
r-devel-linux-x86_64-debian-gcc 0.1.4 17.09 32.78 49.87 NOTE
r-devel-linux-x86_64-fedora-clang 0.1.4 101.14 NOTE --no-stop-on-test-error
r-devel-linux-x86_64-fedora-gcc 0.1.4 89.23 NOTE --no-stop-on-test-error
r-devel-macos-x86_64-clang 0.1.4 75.11 NOTE --no-stop-on-test-error
r-patched-linux-x86_64 0.1.4 14.66 33.93 48.59 NOTE
r-patched-solaris-sparc 0.1.4 513.80 OK
r-patched-solaris-x86 0.1.4 115.40 OK
r-release-linux-x86_64 0.1.4 14.59 28.34 42.93 OK
r-release-osx-x86_64-mavericks 0.1.4 OK
r-release-windows-ix86+x86_64 0.1.4 76.00 97.00 173.00 OK
r-oldrel-windows-ix86+x86_64 0.1.4 47.00 74.00 121.00 OK

Check Details

Version: 0.1.4
Check: compiled code
Result: NOTE
    File ‘textreuse/libs/textreuse.so’:
     Found no calls to: ‘R_registerRoutines’, ‘R_useDynamicSymbols’
    
    It is good practice to register native routines and to disable symbol
    search.
    
    See ‘Writing portable packages’ in the ‘Writing R Extensions’ manual.
Flavors: r-devel-linux-x86_64-debian-clang, r-devel-linux-x86_64-debian-gcc, r-patched-linux-x86_64

Version: 0.1.4
Flags: --no-stop-on-test-error
Check: compiled code
Result: NOTE
    File ‘textreuse/libs/textreuse.so’:
     Found no calls to: ‘R_registerRoutines’, ‘R_useDynamicSymbols’
    
    It is good practice to register native routines and to disable symbol
    search.
    
    See ‘Writing portable packages’ in the ‘Writing R Extensions’ manual.
Flavors: r-devel-linux-x86_64-fedora-clang, r-devel-linux-x86_64-fedora-gcc, r-devel-macos-x86_64-clang