CRAN Package Check Results for Package textreuse

Last updated on 2018-12-09 23:50:09 CET.

Flavor Version Tinstall Tcheck Ttotal Status Flags
r-devel-linux-x86_64-debian-clang 0.1.4 32.70 47.96 80.66 OK
r-devel-linux-x86_64-debian-gcc 0.1.4 27.06 38.30 65.36 OK
r-devel-linux-x86_64-fedora-clang 0.1.4 111.54 NOTE
r-devel-linux-x86_64-fedora-gcc 0.1.4 103.72 NOTE
r-devel-windows-ix86+x86_64 0.1.4 83.00 85.00 168.00 OK
r-patched-linux-x86_64 0.1.4 33.81 45.79 79.60 OK
r-patched-solaris-x86 0.1.4 121.00 OK
r-release-linux-x86_64 0.1.4 29.97 46.08 76.05 OK
r-release-windows-ix86+x86_64 0.1.4 60.00 82.00 142.00 OK
r-release-osx-x86_64 0.1.4 OK
r-oldrel-windows-ix86+x86_64 0.1.4 62.00 87.00 149.00 OK
r-oldrel-osx-x86_64 0.1.4 OK

Check Details

Version: 0.1.4
Check: compiled code
Result: NOTE
    File ‘textreuse/libs/textreuse.so’:
     Found no calls to: ‘R_registerRoutines’, ‘R_useDynamicSymbols’
    
    It is good practice to register native routines and to disable symbol
    search.
    
    See ‘Writing portable packages’ in the ‘Writing R Extensions’ manual.
Flavors: r-devel-linux-x86_64-fedora-clang, r-devel-linux-x86_64-fedora-gcc