CRAN Package Check Results for Package textreuse

Last updated on 2019-03-24 22:49:59 CET.

Flavor Version Tinstall Tcheck Ttotal Status Flags
r-devel-linux-x86_64-debian-clang 0.1.4 34.19 51.56 85.75 OK
r-devel-linux-x86_64-debian-gcc 0.1.4 25.17 40.62 65.79 OK
r-devel-linux-x86_64-fedora-clang 0.1.4 125.87 NOTE
r-devel-linux-x86_64-fedora-gcc 0.1.4 105.60 NOTE
r-devel-windows-ix86+x86_64 0.1.4 104.00 132.00 236.00 OK
r-patched-linux-x86_64 0.1.4 35.61 46.61 82.22 OK
r-patched-solaris-x86 0.1.4 130.30 OK
r-release-linux-x86_64 0.1.4 30.18 45.11 75.29 OK
r-release-windows-ix86+x86_64 0.1.4 69.00 87.00 156.00 OK
r-release-osx-x86_64 0.1.4 OK
r-oldrel-windows-ix86+x86_64 0.1.4 64.00 100.00 164.00 OK
r-oldrel-osx-x86_64 0.1.4 OK

Check Details

Version: 0.1.4
Check: compiled code
Result: NOTE
    File ‘textreuse/libs/textreuse.so’:
     Found no calls to: ‘R_registerRoutines’, ‘R_useDynamicSymbols’
    
    It is good practice to register native routines and to disable symbol
    search.
    
    See ‘Writing portable packages’ in the ‘Writing R Extensions’ manual.
Flavors: r-devel-linux-x86_64-fedora-clang, r-devel-linux-x86_64-fedora-gcc