CRAN Package Check Results for Package textshaping

Last updated on 2022-09-24 15:55:33 CEST.

Flavor Version Tinstall Tcheck Ttotal Status Flags
r-devel-linux-x86_64-debian-clang 0.3.6 18.45 25.11 43.56 OK
r-devel-linux-x86_64-debian-gcc 0.3.6 14.05 19.81 33.86 OK
r-devel-linux-x86_64-fedora-clang 0.3.6 72.66 OK
r-devel-linux-x86_64-fedora-gcc 0.3.6 66.46 OK
r-devel-windows-x86_64 0.3.6 43.00 71.00 114.00 OK
r-patched-linux-x86_64 0.3.6 16.18 24.50 40.68 OK
r-release-linux-x86_64 0.3.6 14.36 24.11 38.47 OK
r-release-macos-arm64 0.3.6 24.00 NOTE
r-release-macos-x86_64 0.3.6 35.00 NOTE
r-release-windows-x86_64 0.3.6 103.00 66.00 169.00 OK
r-oldrel-macos-arm64 0.3.6 27.00 NOTE
r-oldrel-macos-x86_64 0.3.6 39.00 OK
r-oldrel-windows-ix86+x86_64 0.3.6 57.00 69.00 126.00 OK

Check Details

Version: 0.3.6
Check: installed package size
Result: NOTE
     installed size is 17.3Mb
     sub-directories of 1Mb or more:
     libs 17.2Mb
Flavors: r-release-macos-arm64, r-release-macos-x86_64, r-oldrel-macos-arm64