CRAN Package Check Results for Package textshaping

Last updated on 2023-09-26 14:05:11 CEST.

Flavor Version Tinstall Tcheck Ttotal Status Flags
r-devel-linux-x86_64-debian-clang 0.3.6 19.97 24.42 44.39 NOTE
r-devel-linux-x86_64-debian-gcc 0.3.6 11.93 19.20 31.13 NOTE
r-devel-linux-x86_64-fedora-clang 0.3.6 69.07 NOTE
r-devel-linux-x86_64-fedora-gcc 0.3.6 72.91 NOTE
r-devel-windows-x86_64 0.3.6 23.00 61.00 84.00 NOTE
r-patched-linux-x86_64 0.3.6 19.68 24.14 43.82 NOTE
r-release-linux-x86_64 0.3.6 18.88 24.25 43.13 NOTE
r-release-macos-arm64 0.3.6 35.00 NOTE
r-release-macos-x86_64 0.3.6 48.00 NOTE
r-release-windows-x86_64 0.3.6 23.00 67.00 90.00 NOTE
r-oldrel-macos-arm64 0.3.6 29.00 NOTE
r-oldrel-macos-x86_64 0.3.6 35.00 NOTE
r-oldrel-windows-x86_64 0.3.6 27.00 59.00 86.00 OK

Check Details

Version: 0.3.6
Check: C++ specification
Result: NOTE
     Specified C++11: please drop specification unless essential
Flavors: r-devel-linux-x86_64-debian-clang, r-devel-linux-x86_64-debian-gcc, r-devel-linux-x86_64-fedora-clang, r-devel-linux-x86_64-fedora-gcc, r-devel-windows-x86_64, r-patched-linux-x86_64, r-release-linux-x86_64, r-release-macos-arm64, r-release-macos-x86_64, r-release-windows-x86_64

Version: 0.3.6
Check: installed package size
Result: NOTE
     installed size is 20.5Mb
     sub-directories of 1Mb or more:
     libs 20.3Mb
Flavors: r-release-macos-arm64, r-release-macos-x86_64, r-oldrel-macos-arm64, r-oldrel-macos-x86_64