CRAN Package Check Results for Package tfarima

Last updated on 2022-12-09 10:00:37 CET.

Flavor Version Tinstall Tcheck Ttotal Status Flags
r-devel-linux-x86_64-debian-clang 0.3.2 232.36 74.66 307.02 OK
r-devel-linux-x86_64-debian-gcc 0.3.2 171.73 76.01 247.74 OK
r-devel-linux-x86_64-fedora-clang 0.3.2 461.18 OK
r-devel-linux-x86_64-fedora-gcc 0.3.2 410.59 OK
r-devel-windows-x86_64 0.3.2 200.00 212.00 412.00 OK
r-patched-linux-x86_64 0.3.2 186.88 69.70 256.58 OK
r-release-linux-x86_64 0.3.2 181.57 69.35 250.92 OK
r-release-macos-arm64 0.3.2 102.00 NOTE
r-release-macos-x86_64 0.3.2 113.00 NOTE
r-release-windows-x86_64 0.3.2 209.00 144.00 353.00 OK
r-oldrel-macos-arm64 0.3.2 105.00 NOTE
r-oldrel-macos-x86_64 0.3.2 118.00 NOTE
r-oldrel-windows-ix86+x86_64 0.3.2 549.00 124.00 673.00 OK

Check Details

Version: 0.3.2
Check: installed package size
Result: NOTE
     installed size is 7.3Mb
     sub-directories of 1Mb or more:
     libs 6.5Mb
Flavors: r-release-macos-arm64, r-release-macos-x86_64, r-oldrel-macos-arm64, r-oldrel-macos-x86_64