CRAN Package Check Results for Package tfdeploy

Last updated on 2024-03-01 08:53:13 CET.

Flavor Version Tinstall Tcheck Ttotal Status Flags
r-devel-linux-x86_64-debian-clang 0.6.1 8.49 88.97 97.46 NOTE
r-devel-linux-x86_64-debian-gcc 0.6.1 7.30 67.19 74.49 NOTE
r-devel-linux-x86_64-fedora-clang 0.6.1 118.12 NOTE
r-devel-linux-x86_64-fedora-gcc 0.6.1 126.86 NOTE
r-devel-windows-x86_64 0.6.1 10.00 111.00 121.00 NOTE
r-patched-linux-x86_64 0.6.1 7.54 86.35 93.89 NOTE
r-release-linux-x86_64 0.6.1 9.89 85.54 95.43 NOTE
r-release-macos-arm64 0.6.1 46.00 NOTE
r-release-macos-x86_64 0.6.1 75.00 NOTE
r-release-windows-x86_64 0.6.1 13.00 108.00 121.00 NOTE
r-oldrel-macos-arm64 0.6.1 32.00 NOTE
r-oldrel-windows-x86_64 0.6.1 12.00 114.00 126.00 NOTE

Check Details

Version: 0.6.1
Check: LazyData
Result: NOTE 'LazyData' is specified without a 'data' directory Flavors: r-devel-linux-x86_64-debian-clang, r-devel-linux-x86_64-debian-gcc, r-devel-linux-x86_64-fedora-clang, r-devel-linux-x86_64-fedora-gcc, r-devel-windows-x86_64, r-patched-linux-x86_64, r-release-linux-x86_64, r-release-macos-arm64, r-release-macos-x86_64, r-release-windows-x86_64, r-oldrel-macos-arm64, r-oldrel-windows-x86_64