Last updated on 2023-12-01 07:50:22 CET.
Flavor | Version | Tinstall | Tcheck | Ttotal | Status | Flags |
---|---|---|---|---|---|---|
r-devel-linux-x86_64-debian-clang | 0.0.2 | 132.60 | 73.45 | 206.05 | OK | |
r-devel-linux-x86_64-debian-gcc | 0.0.2 | 99.01 | 54.50 | 153.51 | OK | |
r-devel-linux-x86_64-fedora-clang | 0.0.2 | 308.93 | OK | |||
r-devel-linux-x86_64-fedora-gcc | 0.0.2 | 304.80 | OK | |||
r-devel-windows-x86_64 | 0.0.2 | 127.00 | 137.00 | 264.00 | OK | |
r-patched-linux-x86_64 | 0.0.2 | 112.62 | 70.93 | 183.55 | OK | |
r-release-linux-x86_64 | 0.0.2 | 110.42 | 69.57 | 179.99 | OK | |
r-release-macos-arm64 | 0.0.2 | 82.00 | NOTE | |||
r-release-macos-x86_64 | 0.0.2 | 144.00 | NOTE | |||
r-release-windows-x86_64 | 0.0.2 | 155.00 | 155.00 | 310.00 | OK | |
r-oldrel-macos-arm64 | 0.0.2 | 65.00 | NOTE | |||
r-oldrel-macos-x86_64 | 0.0.2 | 92.00 | NOTE | |||
r-oldrel-windows-x86_64 | 0.0.2 | 137.00 | 139.00 | 276.00 | OK |
Version: 0.0.2
Check: installed package size
Result: NOTE
installed size is 29.3Mb
sub-directories of 1Mb or more:
libs 29.0Mb
Flavors: r-release-macos-arm64, r-release-macos-x86_64, r-oldrel-macos-arm64, r-oldrel-macos-x86_64