CRAN Package Check Results for Package tfse

Last updated on 2022-11-29 02:55:15 CET.

Flavor Version Tinstall Tcheck Ttotal Status Flags
r-devel-linux-x86_64-debian-clang 0.5.0 3.47 33.94 37.41 NOTE
r-devel-linux-x86_64-debian-gcc 0.5.0 2.78 26.17 28.95 NOTE
r-devel-linux-x86_64-fedora-clang 0.5.0 58.73 NOTE
r-devel-linux-x86_64-fedora-gcc 0.5.0 66.49 NOTE
r-devel-windows-x86_64 0.5.0 44.00 66.00 110.00 NOTE
r-patched-linux-x86_64 0.5.0 4.15 31.88 36.03 NOTE
r-release-linux-x86_64 0.5.0 3.41 31.81 35.22 NOTE
r-release-macos-arm64 0.5.0 22.00 NOTE
r-release-macos-x86_64 0.5.0 32.00 NOTE
r-release-windows-x86_64 0.5.0 42.00 63.00 105.00 NOTE
r-oldrel-macos-arm64 0.5.0 27.00 NOTE
r-oldrel-macos-x86_64 0.5.0 60.00 NOTE
r-oldrel-windows-ix86+x86_64 0.5.0 8.00 55.00 63.00 NOTE

Check Details

Version: 0.5.0
Check: LazyData
Result: NOTE
     'LazyData' is specified without a 'data' directory
Flavors: r-devel-linux-x86_64-debian-clang, r-devel-linux-x86_64-debian-gcc, r-devel-linux-x86_64-fedora-clang, r-devel-linux-x86_64-fedora-gcc, r-devel-windows-x86_64, r-patched-linux-x86_64, r-release-linux-x86_64, r-release-macos-arm64, r-release-macos-x86_64, r-release-windows-x86_64, r-oldrel-macos-arm64, r-oldrel-macos-x86_64, r-oldrel-windows-ix86+x86_64