CRAN Package Check Results for Package threejs

Last updated on 2019-09-21 06:50:44 CEST.

Flavor Version Tinstall Tcheck Ttotal Status Flags
r-devel-linux-x86_64-debian-clang 0.3.1 4.10 36.50 40.60 OK
r-devel-linux-x86_64-debian-gcc 0.3.1 3.54 29.52 33.06 OK
r-devel-linux-x86_64-fedora-clang 0.3.1 50.52 OK
r-devel-linux-x86_64-fedora-gcc 0.3.1 52.96 OK
r-devel-windows-ix86+x86_64 0.3.1 19.00 64.00 83.00 OK
r-patched-linux-x86_64 0.3.1 3.79 36.43 40.22 OK
r-patched-solaris-x86 0.3.1 84.90 OK
r-release-linux-x86_64 0.3.1 4.09 36.97 41.06 OK
r-release-windows-ix86+x86_64 0.3.1 9.00 60.00 69.00 OK
r-release-osx-x86_64 0.3.1 OK
r-oldrel-windows-ix86+x86_64 0.3.1 6.00 69.00 75.00 OK
r-oldrel-osx-x86_64 0.3.1 ERROR

Check Details

Version: 0.3.1
Check: examples
Result: ERROR
    Running examples in ‘threejs-Ex.R’ failed
    The error most likely occurred in:
    
    > ### Name: graphjs
    > ### Title: Interactive 3D Graph Visualization
    > ### Aliases: graphjs
    >
    > ### ** Examples
    >
    > set.seed(1)
    > g <- sample_islands(3, 10, 5/10, 1)
    > i <- cluster_optimal(g)
    Error in cluster_optimal(g) :
     At optimal_modularity.c:85 : GLPK is not available, Unimplemented function call
    Execution halted
Flavor: r-oldrel-osx-x86_64