CRAN Package Check Results for Package threejs

Last updated on 2019-02-16 18:46:41 CET.

Flavor Version Tinstall Tcheck Ttotal Status Flags
r-devel-linux-x86_64-debian-clang 0.3.1 3.36 37.43 40.79 OK
r-devel-linux-x86_64-debian-gcc 0.3.1 2.56 30.86 33.42 OK
r-devel-linux-x86_64-fedora-clang 0.3.1 50.10 OK
r-devel-linux-x86_64-fedora-gcc 0.3.1 47.25 OK
r-devel-windows-ix86+x86_64 0.3.1 12.00 86.00 98.00 OK
r-patched-linux-x86_64 0.3.1 3.40 35.20 38.60 OK
r-patched-solaris-x86 0.3.1 77.20 OK
r-release-linux-x86_64 0.3.1 OK
r-release-windows-ix86+x86_64 0.3.1 6.00 90.00 96.00 OK
r-release-osx-x86_64 0.3.1 ERROR
r-oldrel-windows-ix86+x86_64 0.3.1 13.00 93.00 106.00 OK
r-oldrel-osx-x86_64 0.3.1 OK

Check Details

Version: 0.3.1
Check: examples
Result: ERROR
    Running examples in ‘threejs-Ex.R’ failed
    The error most likely occurred in:
    
    > ### Name: graphjs
    > ### Title: Interactive 3D Graph Visualization
    > ### Aliases: graphjs
    >
    > ### ** Examples
    >
    > set.seed(1)
    > g <- sample_islands(3, 10, 5/10, 1)
    > i <- cluster_optimal(g)
    Error in cluster_optimal(g) :
     At optimal_modularity.c:85 : GLPK is not available, Unimplemented function call
    Execution halted
Flavor: r-release-osx-x86_64