CRAN Package Check Results for Package threejs

Last updated on 2018-08-19 04:47:15 CEST.

Flavor Version Tinstall Tcheck Ttotal Status Flags
r-devel-linux-x86_64-debian-clang 0.3.1 3.56 38.27 41.83 OK
r-devel-linux-x86_64-debian-gcc 0.3.1 2.81 31.03 33.84 OK
r-devel-linux-x86_64-fedora-clang 0.3.1 48.16 OK
r-devel-linux-x86_64-fedora-gcc 0.3.1 48.73 OK
r-devel-windows-ix86+x86_64 0.3.1 9.00 96.00 105.00 OK
r-patched-linux-x86_64 0.3.1 2.96 35.31 38.27 OK
r-patched-solaris-x86 0.3.1 80.60 OK
r-release-linux-x86_64 0.3.1 2.78 35.43 38.21 OK
r-release-windows-ix86+x86_64 0.3.1 11.00 59.00 70.00 OK
r-release-osx-x86_64 0.3.1 ERROR
r-oldrel-windows-ix86+x86_64 0.3.1 6.00 57.00 63.00 OK
r-oldrel-osx-x86_64 0.3.1 OK

Check Details

Version: 0.3.1
Check: examples
Result: ERROR
    Running examples in ‘threejs-Ex.R’ failed
    The error most likely occurred in:
    
    > ### Name: graphjs
    > ### Title: Interactive 3D Graph Visualization
    > ### Aliases: graphjs
    >
    > ### ** Examples
    >
    > set.seed(1)
    > g <- sample_islands(3, 10, 5/10, 1)
    > i <- cluster_optimal(g)
    Error in cluster_optimal(g) :
     At optimal_modularity.c:85 : GLPK is not available, Unimplemented function call
    Execution halted
Flavor: r-release-osx-x86_64