CRAN Package Check Results for Package threejs

Last updated on 2018-05-23 00:47:02 CEST.

Flavor Version Tinstall Tcheck Ttotal Status Flags
r-devel-linux-x86_64-debian-clang 0.3.1 2.92 37.32 40.24 OK
r-devel-linux-x86_64-debian-gcc 0.3.1 2.51 29.54 32.05 OK
r-devel-linux-x86_64-fedora-clang 0.3.1 49.00 OK
r-devel-linux-x86_64-fedora-gcc 0.3.1 46.43 OK
r-devel-windows-ix86+x86_64 0.3.1 8.00 85.00 93.00 OK
r-patched-linux-x86_64 0.3.1 2.29 35.28 37.57 OK
r-patched-solaris-x86 0.3.1 78.90 OK
r-release-linux-x86_64 0.3.1 2.32 35.03 37.35 OK
r-release-windows-ix86+x86_64 0.3.1 9.00 82.00 91.00 OK
r-release-osx-x86_64 0.3.1 ERROR
r-oldrel-windows-ix86+x86_64 0.3.1 10.00 70.00 80.00 OK
r-oldrel-osx-x86_64 0.3.1 OK

Check Details

Version: 0.3.1
Check: examples
Result: ERROR
    Running examples in ‘threejs-Ex.R’ failed
    The error most likely occurred in:
    
    > ### Name: graphjs
    > ### Title: Interactive 3D Graph Visualization
    > ### Aliases: graphjs
    >
    > ### ** Examples
    >
    > set.seed(1)
    > g <- sample_islands(3, 10, 5/10, 1)
    > i <- cluster_optimal(g)
    Error in cluster_optimal(g) :
     At optimal_modularity.c:85 : GLPK is not available, Unimplemented function call
    Execution halted
Flavor: r-release-osx-x86_64