CRAN Package Check Results for Package threejs

Last updated on 2018-11-18 12:46:42 CET.

Flavor Version Tinstall Tcheck Ttotal Status Flags
r-devel-linux-x86_64-debian-clang 0.3.1 2.30 36.90 39.20 OK
r-devel-linux-x86_64-debian-gcc 0.3.1 2.44 29.48 31.92 OK
r-devel-linux-x86_64-fedora-clang 0.3.1 47.04 OK
r-devel-linux-x86_64-fedora-gcc 0.3.1 44.96 OK
r-devel-windows-ix86+x86_64 0.3.1 10.00 60.00 70.00 OK
r-patched-linux-x86_64 0.3.1 3.13 34.87 38.00 OK
r-patched-solaris-x86 0.3.1 84.70 OK
r-release-linux-x86_64 0.3.1 2.77 35.30 38.07 OK
r-release-windows-ix86+x86_64 0.3.1 11.00 73.00 84.00 OK
r-release-osx-x86_64 0.3.1 ERROR
r-oldrel-windows-ix86+x86_64 0.3.1 6.00 81.00 87.00 OK
r-oldrel-osx-x86_64 0.3.1 OK

Check Details

Version: 0.3.1
Check: examples
Result: ERROR
    Running examples in ‘threejs-Ex.R’ failed
    The error most likely occurred in:
    
    > ### Name: graphjs
    > ### Title: Interactive 3D Graph Visualization
    > ### Aliases: graphjs
    >
    > ### ** Examples
    >
    > set.seed(1)
    > g <- sample_islands(3, 10, 5/10, 1)
    > i <- cluster_optimal(g)
    Error in cluster_optimal(g) :
     At optimal_modularity.c:85 : GLPK is not available, Unimplemented function call
    Execution halted
Flavor: r-release-osx-x86_64