CRAN Package Check Results for Package tibble

Last updated on 2022-10-04 05:50:45 CEST.

Flavor Version Tinstall Tcheck Ttotal Status Flags
r-devel-linux-x86_64-debian-clang 3.1.8 10.92 181.84 192.76 OK
r-devel-linux-x86_64-debian-gcc 3.1.8 7.57 134.80 142.37 OK
r-devel-linux-x86_64-fedora-clang 3.1.8 242.92 OK
r-devel-linux-x86_64-fedora-gcc 3.1.8 235.49 OK
r-devel-windows-x86_64 3.1.8 90.00 192.00 282.00 OK
r-patched-linux-x86_64 3.1.8 11.04 168.28 179.32 OK
r-release-linux-x86_64 3.1.8 7.98 170.94 178.92 OK
r-release-macos-arm64 3.1.8 59.00 OK
r-release-macos-x86_64 3.1.8 77.00 OK
r-release-windows-x86_64 3.1.8 95.00 187.00 282.00 OK
r-oldrel-macos-arm64 3.1.8 56.00 OK
r-oldrel-macos-x86_64 3.1.8 82.00 OK
r-oldrel-windows-ix86+x86_64 3.1.8 22.00 257.00 279.00 WARN

Check Details

Version: 3.1.8
Check: for unstated dependencies in ‘tests’
Result: WARN
    Warning: unable to access index for repository https://bioconductor.org/packages/3.14/bioc/src/contrib:
     cannot open URL 'https://bioconductor.org/packages/3.14/bioc/src/contrib/PACKAGES'
    Warning: unable to access index for repository https://bioconductor.org/packages/3.14/data/annotation/src/contrib:
     cannot open URL 'https://bioconductor.org/packages/3.14/data/annotation/src/contrib/PACKAGES'
    Warning: unable to access index for repository https://bioconductor.org/packages/3.14/data/experiment/src/contrib:
     cannot open URL 'https://bioconductor.org/packages/3.14/data/experiment/src/contrib/PACKAGES'
Flavor: r-oldrel-windows-ix86+x86_64