CRAN Package Check Results for Package tictoc

Last updated on 2019-09-23 12:48:06 CEST.

Flavor Version Tinstall Tcheck Ttotal Status Flags
r-devel-linux-x86_64-debian-clang 1.0 1.91 19.38 21.29 NOTE
r-devel-linux-x86_64-debian-gcc 1.0 1.55 16.04 17.59 NOTE
r-devel-linux-x86_64-fedora-clang 1.0 28.01 NOTE
r-devel-linux-x86_64-fedora-gcc 1.0 26.82 NOTE
r-devel-windows-ix86+x86_64 1.0 5.00 35.00 40.00 NOTE
r-patched-linux-x86_64 1.0 1.71 19.53 21.24 NOTE
r-patched-solaris-x86 1.0 42.20 NOTE
r-release-linux-x86_64 1.0 1.26 19.50 20.76 NOTE
r-release-windows-ix86+x86_64 1.0 5.00 45.00 50.00 NOTE
r-release-osx-x86_64 1.0 NOTE
r-oldrel-windows-ix86+x86_64 1.0 2.00 34.00 36.00 NOTE
r-oldrel-osx-x86_64 1.0 NOTE

Check Details

Version: 1.0
Check: DESCRIPTION meta-information
Result: NOTE
    Malformed Title field: should not end in a period.
Flavors: r-devel-linux-x86_64-debian-clang, r-devel-linux-x86_64-debian-gcc, r-devel-linux-x86_64-fedora-clang, r-devel-linux-x86_64-fedora-gcc, r-devel-windows-ix86+x86_64, r-patched-linux-x86_64, r-patched-solaris-x86, r-release-linux-x86_64, r-release-windows-ix86+x86_64, r-release-osx-x86_64, r-oldrel-windows-ix86+x86_64, r-oldrel-osx-x86_64