CRAN Package Check Results for Package tictoc

Last updated on 2020-02-24 14:48:19 CET.

Flavor Version Tinstall Tcheck Ttotal Status Flags
r-devel-linux-x86_64-debian-clang 1.0 2.24 20.98 23.22 NOTE
r-devel-linux-x86_64-debian-gcc 1.0 1.55 17.05 18.60 NOTE
r-devel-linux-x86_64-fedora-clang 1.0 30.81 NOTE
r-devel-linux-x86_64-fedora-gcc 1.0 28.02 NOTE
r-devel-windows-ix86+x86_64 1.0 6.00 36.00 42.00 NOTE
r-devel-windows-ix86+x86_64-gcc8 1.0 7.00 36.00 43.00 NOTE
r-patched-linux-x86_64 1.0 NOTE
r-patched-solaris-x86 1.0 41.20 NOTE
r-release-linux-x86_64 1.0 1.58 19.50 21.08 NOTE
r-release-windows-ix86+x86_64 1.0 5.00 45.00 50.00 NOTE
r-release-osx-x86_64 1.0 NOTE
r-oldrel-windows-ix86+x86_64 1.0 2.00 34.00 36.00 NOTE
r-oldrel-osx-x86_64 1.0 NOTE

Check Details

Version: 1.0
Check: DESCRIPTION meta-information
Result: NOTE
    Malformed Title field: should not end in a period.
Flavors: r-devel-linux-x86_64-debian-clang, r-devel-linux-x86_64-debian-gcc, r-devel-linux-x86_64-fedora-clang, r-devel-linux-x86_64-fedora-gcc, r-devel-windows-ix86+x86_64, r-devel-windows-ix86+x86_64-gcc8, r-patched-linux-x86_64, r-patched-solaris-x86, r-release-linux-x86_64, r-release-windows-ix86+x86_64, r-release-osx-x86_64, r-oldrel-windows-ix86+x86_64, r-oldrel-osx-x86_64