Last updated on 2021-03-09 07:49:54 CET.
Flavor | Version | Tinstall | Tcheck | Ttotal | Status | Flags |
---|---|---|---|---|---|---|
r-devel-linux-x86_64-debian-clang | 1.0.8 | 8.96 | 129.99 | 138.95 | OK | |
r-devel-linux-x86_64-debian-gcc | 1.0.8 | 7.59 | 92.84 | 100.43 | OK | |
r-devel-linux-x86_64-fedora-clang | 1.0.8 | 174.82 | NOTE | |||
r-devel-linux-x86_64-fedora-gcc | 1.0.8 | 168.10 | NOTE | |||
r-devel-windows-ix86+x86_64 | 1.0.8 | 23.00 | 178.00 | 201.00 | OK | |
r-devel-windows-x86_64-gcc10-UCRT | 1.0.8 | NOTE | ||||
r-patched-linux-x86_64 | 1.0.8 | 8.32 | 124.31 | 132.63 | OK | |
r-patched-solaris-x86 | 1.0.8 | 239.00 | NOTE | |||
r-release-linux-x86_64 | 1.0.8 | 8.30 | 125.10 | 133.40 | OK | |
r-release-macos-x86_64 | 1.0.8 | NOTE | ||||
r-release-windows-ix86+x86_64 | 1.0.8 | 17.00 | 163.00 | 180.00 | OK | |
r-oldrel-macos-x86_64 | 1.0.8 | NOTE | ||||
r-oldrel-windows-ix86+x86_64 | 1.0.8 | 14.00 | 132.00 | 146.00 | OK |
Version: 1.0.8
Check: dependencies in R code
Result: NOTE
Namespace in Imports field not imported from: ‘mix’
All declared Imports should be used.
Flavors: r-devel-linux-x86_64-fedora-clang, r-devel-linux-x86_64-fedora-gcc, r-devel-windows-x86_64-gcc10-UCRT, r-patched-solaris-x86, r-release-macos-x86_64, r-oldrel-macos-x86_64