CRAN Package Check Results for Package tidyMicro

Last updated on 2021-02-26 03:52:37 CET.

Flavor Version Tinstall Tcheck Ttotal Status Flags
r-devel-linux-x86_64-debian-clang 1.47 17.51 301.69 319.20 OK
r-devel-linux-x86_64-debian-gcc 1.47 15.01 219.64 234.65 OK
r-devel-linux-x86_64-fedora-clang 1.47 389.38 NOTE
r-devel-linux-x86_64-fedora-gcc 1.47 396.90 NOTE
r-devel-windows-ix86+x86_64 1.47 25.00 276.00 301.00 OK
r-patched-linux-x86_64 1.47 11.51 285.37 296.88 OK
r-patched-solaris-x86 1.47 526.80 NOTE
r-release-linux-x86_64 1.47 11.29 282.01 293.30 OK
r-release-macos-x86_64 1.47 NOTE
r-release-windows-ix86+x86_64 1.47 42.00 376.00 418.00 OK
r-oldrel-macos-x86_64 1.47 NOTE
r-oldrel-windows-ix86+x86_64 1.47 23.00 299.00 322.00 OK

Check Details

Version: 1.47
Check: package dependencies
Result: NOTE
    Imports includes 30 non-default packages.
    Importing from so many packages makes the package vulnerable to any of
    them becoming unavailable. Move as many as possible to Suggests and
    use conditionally.
Flavor: r-devel-linux-x86_64-fedora-clang

Version: 1.47
Check: dependencies in R code
Result: NOTE
    Namespaces in Imports field not imported from:
     ‘Evomorph’ ‘cowplot’ ‘factoextra’ ‘gridExtra’ ‘lme4’ ‘lsr’ ‘plotly’
     ‘png’ ‘shapes’
     All declared Imports should be used.
Flavors: r-devel-linux-x86_64-fedora-clang, r-devel-linux-x86_64-fedora-gcc, r-patched-solaris-x86, r-release-macos-x86_64, r-oldrel-macos-x86_64