Last updated on 2023-09-28 23:59:20 CEST.
Flavor | Version | Tinstall | Tcheck | Ttotal | Status | Flags |
---|---|---|---|---|---|---|
r-devel-linux-x86_64-debian-clang | 0.2.4 | 61.21 | 761.94 | 823.15 | OK | |
r-devel-linux-x86_64-debian-gcc | 0.2.4 | 45.71 | 533.65 | 579.36 | OK | |
r-devel-linux-x86_64-fedora-clang | 0.2.4 | 956.66 | OK | |||
r-devel-linux-x86_64-fedora-gcc | 0.2.4 | 972.22 | OK | |||
r-devel-windows-x86_64 | 0.2.4 | 49.00 | 514.00 | 563.00 | OK | |
r-patched-linux-x86_64 | 0.2.4 | 1.08 | 2.19 | 3.27 | ERROR | |
r-release-linux-x86_64 | 0.2.4 | 1.08 | 2.04 | 3.12 | ERROR | |
r-release-macos-arm64 | 0.2.4 | 141.00 | OK | |||
r-release-macos-x86_64 | 0.2.4 | 326.00 | OK | |||
r-release-windows-x86_64 | 0.2.4 | 65.00 | 647.00 | 712.00 | OK | |
r-oldrel-macos-arm64 | 0.2.4 | 136.00 | OK | |||
r-oldrel-macos-x86_64 | 0.2.4 | 241.00 | OK | |||
r-oldrel-windows-x86_64 | 0.2.4 | 64.00 | 643.00 | 707.00 | OK |
Version: 0.2.4
Check: package dependencies
Result: ERROR
Package required but not available: ‘blavaan’
See section ‘The DESCRIPTION file’ in the ‘Writing R Extensions’
manual.
Flavors: r-patched-linux-x86_64, r-release-linux-x86_64