CRAN Package Check Results for Package tidyUSDA

Last updated on 2021-02-26 07:49:56 CET.

Flavor Version Tinstall Tcheck Ttotal Status Flags
r-devel-linux-x86_64-debian-clang 0.3.0 3.02 38.44 41.46 OK
r-devel-linux-x86_64-debian-gcc 0.3.0 2.65 30.45 33.10 OK
r-devel-linux-x86_64-fedora-clang 0.3.0 62.20 NOTE
r-devel-linux-x86_64-fedora-gcc 0.3.0 59.46 NOTE
r-devel-windows-ix86+x86_64 0.3.0 6.00 47.00 53.00 OK
r-patched-linux-x86_64 0.3.0 3.43 37.46 40.89 OK
r-patched-solaris-x86 0.3.0 84.60 NOTE
r-release-linux-x86_64 0.3.0 3.48 36.90 40.38 OK
r-release-macos-x86_64 0.3.0 NOTE
r-release-windows-ix86+x86_64 0.3.0 10.00 63.00 73.00 OK
r-oldrel-macos-x86_64 0.3.0 NOTE
r-oldrel-windows-ix86+x86_64 0.3.0 4.00 57.00 61.00 OK

Check Details

Version: 0.3.0
Check: dependencies in R code
Result: NOTE
    Namespaces in Imports field not imported from:
     ‘brio’ ‘curl’ ‘diffobj’ ‘gitcreds’ ‘keyring’ ‘nlme’ ‘rgdal’ ‘stringi’
     ‘usethis’ ‘waldo’
     All declared Imports should be used.
Flavors: r-devel-linux-x86_64-fedora-clang, r-devel-linux-x86_64-fedora-gcc, r-patched-solaris-x86, r-release-macos-x86_64, r-oldrel-macos-x86_64