CRAN Package Check Results for Package tidycat

Last updated on 2022-12-02 09:53:09 CET.

Flavor Version Tinstall Tcheck Ttotal Status Flags
r-devel-linux-x86_64-debian-clang 0.1.2 1.89 44.59 46.48 OK
r-devel-linux-x86_64-debian-gcc 0.1.2 1.42 33.22 34.64 OK
r-devel-linux-x86_64-fedora-clang 0.1.2 65.88 NOTE
r-devel-linux-x86_64-fedora-gcc 0.1.2 64.33 NOTE
r-devel-windows-x86_64 0.1.2 4.00 77.00 81.00 OK
r-patched-linux-x86_64 0.1.2 2.30 41.47 43.77 OK
r-release-linux-x86_64 0.1.2 2.20 41.92 44.12 OK
r-release-macos-arm64 0.1.2 24.00 NOTE
r-release-macos-x86_64 0.1.2 43.00 NOTE
r-release-windows-x86_64 0.1.2 13.00 81.00 94.00 OK
r-oldrel-macos-arm64 0.1.2 38.00 NOTE
r-oldrel-macos-x86_64 0.1.2 33.00 NOTE
r-oldrel-windows-ix86+x86_64 0.1.2 6.00 70.00 76.00 OK

Check Details

Version: 0.1.2
Check: dependencies in R code
Result: NOTE
    Namespace in Imports field not imported from: ‘tidyr’
     All declared Imports should be used.
Flavors: r-devel-linux-x86_64-fedora-clang, r-devel-linux-x86_64-fedora-gcc, r-release-macos-arm64, r-release-macos-x86_64, r-oldrel-macos-arm64, r-oldrel-macos-x86_64