CRAN Package Check Results for Package tidycode

Last updated on 2022-05-24 10:51:17 CEST.

Flavor Version Tinstall Tcheck Ttotal Status Flags
r-devel-linux-x86_64-debian-clang 0.1.1 3.19 50.30 53.49 NOTE
r-devel-linux-x86_64-debian-gcc 0.1.1 2.46 38.23 40.69 NOTE
r-devel-linux-x86_64-fedora-clang 0.1.1 64.22 NOTE
r-devel-linux-x86_64-fedora-gcc 0.1.1 52.12 NOTE
r-devel-windows-x86_64 0.1.1 20.00 76.00 96.00 NOTE
r-patched-linux-x86_64 0.1.1 3.65 47.53 51.18 NOTE
r-release-linux-x86_64 0.1.1 NOTE
r-release-macos-arm64 0.1.1 19.00 NOTE
r-release-macos-x86_64 0.1.1 37.00 NOTE
r-release-windows-x86_64 0.1.1 19.00 72.00 91.00 NOTE
r-oldrel-macos-arm64 0.1.1 25.00 NOTE
r-oldrel-macos-x86_64 0.1.1 38.00 NOTE
r-oldrel-windows-ix86+x86_64 0.1.1 9.00 64.00 73.00 NOTE

Check Details

Version: 0.1.1
Check: LazyData
Result: NOTE
     'LazyData' is specified without a 'data' directory
Flavors: r-devel-linux-x86_64-debian-clang, r-devel-linux-x86_64-debian-gcc, r-devel-linux-x86_64-fedora-clang, r-devel-linux-x86_64-fedora-gcc, r-devel-windows-x86_64, r-patched-linux-x86_64, r-release-linux-x86_64, r-release-macos-arm64, r-release-macos-x86_64, r-release-windows-x86_64, r-oldrel-macos-arm64, r-oldrel-macos-x86_64, r-oldrel-windows-ix86+x86_64